{"id":954,"date":"2021-05-09T15:52:36","date_gmt":"2021-05-09T08:52:36","guid":{"rendered":"https:\/\/shinad.vn\/?page_id=954"},"modified":"2025-11-05T22:16:35","modified_gmt":"2025-11-05T15:16:35","slug":"in-an-tren-tui-xach","status":"publish","type":"page","link":"https:\/\/shinad.vn\/index.php\/bo-nhan-dien-thuong-hieu\/in-an-tren-tui-xach\/","title":{"rendered":"In T\u00fai V\u1ea3i &#8211; T\u00fai Gi\u1ea5y"},"content":{"rendered":"\n<p class=\"has-text-align-left\">Ng\u00e0y nay, vi\u1ec7c s\u1eed d\u1ee5ng t\u00fai nylon ng\u00e0y c\u00e0ng b\u1ecb &#8220;l\u00ean \u00e1n&#8221; v\u00e0 s\u1ef1 xu\u1ea5t hi\u1ec7n c\u1ee7a T\u00daI GI\u1ea4Y, T\u00daI V\u1ea2I v\u1edbi \u0111\u1eb7c t\u00ednh th\u00e2n thi\u1ec7n m\u00f4i tr\u01b0\u1eddng nh\u01b0 l\u00e0 m\u1ed9t xu h\u01b0\u1edbng t\u1ea5t y\u1ebfu. B\u00ean c\u1ea1nh \u01b0u \u0111i\u1ec3m c\u00f3 th\u1ec3 t\u00e1i s\u1eed d\u1ee5ng nhi\u1ec1u l\u1ea7n, ph\u00e2n h\u1ee7y sinh h\u1ecdc, gi\u00e1 thanh h\u1ee3p l\u00fd v\u00e0 thi\u1ebft th\u1ef1c, T\u00daI GI\u1ea4Y v\u00e0 T\u00daI V\u1ea2I c\u00f2n l\u00e0 c\u00f4ng c\u1ee5 marketing hi\u1ec7u qu\u1ea3.<\/p>\n\n\n\n<hr class=\"wp-block-separator has-css-opacity\"\/>\n\n\n\n<div class=\"wp-block-media-text alignwide is-stacked-on-mobile is-vertically-aligned-center\" style=\"grid-template-columns:41% auto\"><figure class=\"wp-block-media-text__media\"><img data-recalc-dims=\"1\" fetchpriority=\"high\" decoding=\"async\" width=\"750\" height=\"481\" data-attachment-id=\"1852\" data-permalink=\"https:\/\/shinad.vn\/index.php\/bo-nhan-dien-thuong-hieu\/in-an-tren-tui-xach\/tui-giay-4\/\" data-orig-file=\"https:\/\/i0.wp.com\/shinad.vn\/wp-content\/uploads\/2022\/04\/tui-giay-4.jpg?fit=800%2C513&amp;ssl=1\" data-orig-size=\"800,513\" data-comments-opened=\"1\" data-image-meta=\"{&quot;aperture&quot;:&quot;0&quot;,&quot;credit&quot;:&quot;&quot;,&quot;camera&quot;:&quot;&quot;,&quot;caption&quot;:&quot;&quot;,&quot;created_timestamp&quot;:&quot;0&quot;,&quot;copyright&quot;:&quot;Marzelli Photography&quot;,&quot;focal_length&quot;:&quot;0&quot;,&quot;iso&quot;:&quot;0&quot;,&quot;shutter_speed&quot;:&quot;0&quot;,&quot;title&quot;:&quot;&quot;,&quot;orientation&quot;:&quot;0&quot;}\" data-image-title=\"tui-giay-4\" data-image-description=\"\" data-image-caption=\"\" data-large-file=\"https:\/\/i0.wp.com\/shinad.vn\/wp-content\/uploads\/2022\/04\/tui-giay-4.jpg?fit=750%2C481&amp;ssl=1\" src=\"https:\/\/i0.wp.com\/shinad.vn\/wp-content\/uploads\/2022\/04\/tui-giay-4.jpg?resize=750%2C481&#038;ssl=1\" alt=\"\" class=\"wp-image-1852 size-full\" srcset=\"https:\/\/i0.wp.com\/shinad.vn\/wp-content\/uploads\/2022\/04\/tui-giay-4.jpg?w=800&amp;ssl=1 800w, https:\/\/i0.wp.com\/shinad.vn\/wp-content\/uploads\/2022\/04\/tui-giay-4.jpg?resize=300%2C192&amp;ssl=1 300w, https:\/\/i0.wp.com\/shinad.vn\/wp-content\/uploads\/2022\/04\/tui-giay-4.jpg?resize=768%2C492&amp;ssl=1 768w\" sizes=\"(max-width: 750px) 100vw, 750px\" \/><\/figure><div class=\"wp-block-media-text__content\">\n<p class=\"has-medium-font-size\"><strong>IN TR\u00caN T\u00daI GI\u1ea4Y<\/strong><\/p>\n\n\n\n<p class=\"has-text-align-justify\"><em>T\u00daI GI\u1ea4Y l\u00e0 \u1ea5n ph\u1ea9m quan tr\u1ecdng, \u0111\u01b0\u1ee3c s\u1eed d\u1ee5ng v\u00f4 c\u00f9ng ph\u1ed5 bi\u1ebfn trong c\u00e1c ho\u1ea1t \u0111\u1ed9ng kinh doanh v\u00e0 cu\u1ed9c s\u1ed1ng h\u00e0ng ng\u00e0y. <\/em><\/p>\n\n\n\n<p class=\"has-text-align-justify\"><em>T\u00fai gi\u1ea5y \u0111\u01b0\u1ee3c thi\u1ebft k\u1ebf, in \u1ea5n v\u1edbi nhi\u1ec1u ki\u1ec3u d\u00e1ng v\u00e0 ch\u1ea5t li\u1ec7u gi\u1ea5y kh\u00e1c nhau, \u0111\u1ec3 \u0111\u00e1p \u1ee9ng t\u1ed1i \u0111a nhu c\u1ea7u s\u1eed d\u1ee5ng \u0111a d\u1ea1ng c\u1ee7a ng\u01b0\u1eddi ti\u00eau d\u00f9ng.<\/em><\/p>\n\n\n\n<p>T\u1ea1i Shinad, s<em>\u1ea3n ph\u1ea9m T\u00daI GI\u1ea4Y bao g\u1ed3m:<\/em><\/p>\n\n\n\n<ul class=\"wp-block-list\">\n<li><em>D\u00f2ng ph\u1ed5 th\u00f4ng: T\u00fai gi\u1ea5y gi\u00e1 r\u1ebb, t\u00fai gi\u1ea5y chu\u1ea9n, t\u00fai gi\u1ea5y Kraft <\/em><\/li>\n\n\n\n<li><em>D\u00f2ng cao c\u1ea5p: T\u00fai gi\u1ea5y \u00e9p kim, &#8230;<\/em><\/li>\n\n\n\n<li><em>D\u00f2ng s\u00e1ng t\u1ea1o: T\u00fai gi\u1ea5y c\u00f3 quai, t\u00fai gi\u1ea5y c\u00f3 n\u1eafp g\u1eadp, &#8230;<\/em><\/li>\n<\/ul>\n<\/div><\/div>\n\n\n\n<hr class=\"wp-block-separator has-css-opacity\"\/>\n\n\n\n<div class=\"wp-block-media-text alignwide is-stacked-on-mobile is-vertically-aligned-center\" style=\"grid-template-columns:41% auto\"><figure class=\"wp-block-media-text__media\"><img data-recalc-dims=\"1\" decoding=\"async\" width=\"750\" height=\"502\" data-attachment-id=\"1846\" data-permalink=\"https:\/\/shinad.vn\/index.php\/bo-nhan-dien-thuong-hieu\/in-an-tren-tui-xach\/tui-vai-2\/\" data-orig-file=\"https:\/\/i0.wp.com\/shinad.vn\/wp-content\/uploads\/2022\/04\/Tui-vai.png?fit=800%2C535&amp;ssl=1\" data-orig-size=\"800,535\" data-comments-opened=\"1\" data-image-meta=\"{&quot;aperture&quot;:&quot;0&quot;,&quot;credit&quot;:&quot;&quot;,&quot;camera&quot;:&quot;&quot;,&quot;caption&quot;:&quot;&quot;,&quot;created_timestamp&quot;:&quot;0&quot;,&quot;copyright&quot;:&quot;&quot;,&quot;focal_length&quot;:&quot;0&quot;,&quot;iso&quot;:&quot;0&quot;,&quot;shutter_speed&quot;:&quot;0&quot;,&quot;title&quot;:&quot;&quot;,&quot;orientation&quot;:&quot;0&quot;}\" data-image-title=\"Tui-vai\" data-image-description=\"\" data-image-caption=\"\" data-large-file=\"https:\/\/i0.wp.com\/shinad.vn\/wp-content\/uploads\/2022\/04\/Tui-vai.png?fit=750%2C502&amp;ssl=1\" src=\"https:\/\/i0.wp.com\/shinad.vn\/wp-content\/uploads\/2022\/04\/Tui-vai.png?resize=750%2C502&#038;ssl=1\" alt=\"\" class=\"wp-image-1846 size-full\" srcset=\"https:\/\/i0.wp.com\/shinad.vn\/wp-content\/uploads\/2022\/04\/Tui-vai.png?w=800&amp;ssl=1 800w, https:\/\/i0.wp.com\/shinad.vn\/wp-content\/uploads\/2022\/04\/Tui-vai.png?resize=300%2C201&amp;ssl=1 300w, https:\/\/i0.wp.com\/shinad.vn\/wp-content\/uploads\/2022\/04\/Tui-vai.png?resize=768%2C514&amp;ssl=1 768w, https:\/\/i0.wp.com\/shinad.vn\/wp-content\/uploads\/2022\/04\/Tui-vai.png?resize=360%2C240&amp;ssl=1 360w\" sizes=\"(max-width: 750px) 100vw, 750px\" \/><\/figure><div class=\"wp-block-media-text__content\">\n<p class=\"has-medium-font-size\"><strong>IN TR\u00caN T\u00daI V\u1ea2I<\/strong><\/p>\n\n\n\n<p class=\"has-text-align-justify\"><em>Nh\u1eefng chi\u1ebfc T\u00daI V\u1ea2I xinh x\u1eafn \u0111\u01b0\u1ee3c thi\u1ebft k\u1ebf v\u1edbi nhi\u1ec1u ki\u1ec3u d\u00e1ng kh\u00e1c nhau \u0111\u01b0\u1ee3c r\u1ea5t nhi\u1ec1u kh\u00e1ch h\u00e0ng \u01b0a th\u00edch. Nh\u01b0ng \u0111\u1ec3 m\u1ed9t chi\u1ebfc T\u00daI V\u1ea2I tr\u01a1n th\u00ec n\u00f3 kh\u00f4ng l\u00e0m cho chi\u1ebfc t\u00fai tr\u1edf l\u00ean b\u1eaft m\u1eaft v\u00e0 sang tr\u1ecdng. Ch\u00ednh v\u00ec v\u1eady m\u1ecdi ng\u01b0\u1eddi l\u1ef1a ch\u1ecdn\u00a0in tr\u00ean T\u00daI V\u1ea2I. <\/em><\/p>\n\n\n\n<p class=\"has-text-align-justify\"><em>Nh\u1eefng s\u1ea3n ph\u1ea9m T\u00daI V\u1ea2I th\u01b0\u1eddng \u0111\u01b0\u1ee3c s\u1eed d\u1ee5ng nh\u01b0: T\u00fai \u0111\u1ef1ng r\u01b0\u1ee3u,  t\u00fai \u0111\u1ef1ng qu\u1ea7n \u00e1o th\u1eddi trang, t\u00fai \u0111\u1ef1ng qu\u00e0, t\u00fai \u0111\u1ef1ng h\u1ed9p \u0111\u1ed3ng h\u1ed3, t\u00fai mini \u0111\u1ef1ng s\u1ea3n ph\u1ea9m gi\u00e1 tr\u1ecb tr\u01b0\u1edbc khi cho v\u00e0o h\u1ed9p s\u1ea3n ph\u1ea9m, t\u00fai ba l\u00f4 gi\u00e2y r\u00fat, &#8230;<\/em><\/p>\n\n\n\n<p><em>T\u1ea1i Shinad, s\u1ea3n ph\u1ea9m T\u00daI V\u1ea2I bao g\u1ed3m:<\/em><\/p>\n\n\n\n<ul class=\"wp-block-list\">\n<li><em>In tr\u00ean t\u00fai v\u1ea3i kh\u00f4ng d\u1ec7t <\/em><\/li>\n\n\n\n<li><em>In tr\u00ean t\u00fai v\u1ea3i canvas<\/em><\/li>\n\n\n\n<li><em>In tr\u00ean t\u00fai v\u1ea3i \u0111ay<\/em><\/li>\n<\/ul>\n<\/div><\/div>\n\n\n\n<hr class=\"wp-block-separator has-css-opacity\"\/>\n\n\n\n<p class=\"has-text-align-center\"><a href=\"https:\/\/shinad.vn\/index.php\/ve-shinad\/lien-he\/\">LI\u00caN H\u1ec6 SHINAD \u0110\u1ec2 \u0110\u01af\u1ee2C NH\u1eacN NHI\u1ec0U M\u1eaaU THAM KH\u1ea2O V\u00c0 CH\u1eccN L\u1ef0A<\/a><\/p>\n","protected":false},"excerpt":{"rendered":"<p>Ng\u00e0y nay, vi\u1ec7c s\u1eed d\u1ee5ng t\u00fai nylon ng\u00e0y c\u00e0ng b\u1ecb &#8220;l\u00ean \u00e1n&#8221; v\u00e0 s\u1ef1 xu\u1ea5t hi\u1ec7n c\u1ee7a T\u00daI GI\u1ea4Y, T\u00daI V\u1ea2I v\u1edbi \u0111\u1eb7c t\u00ednh th\u00e2n thi\u1ec7n m\u00f4i tr\u01b0\u1eddng nh\u01b0 l\u00e0 m\u1ed9t xu h\u01b0\u1edbng t\u1ea5t y\u1ebfu. B\u00ean c\u1ea1nh \u01b0u \u0111i\u1ec3m c\u00f3 th\u1ec3 t\u00e1i s\u1eed d\u1ee5ng nhi\u1ec1u l\u1ea7n, ph\u00e2n h\u1ee7y sinh h\u1ecdc, [&hellip;]<\/p>\n","protected":false},"author":1,"featured_media":0,"parent":30,"menu_order":0,"comment_status":"closed","ping_status":"closed","template":"","meta":{"footnotes":""},"class_list":["post-954","page","type-page","status-publish","hentry"],"yoast_head":"<!-- This site is optimized with the Yoast SEO plugin v27.4 - https:\/\/yoast.com\/product\/yoast-seo-wordpress\/ -->\n<title>SHINAD I Thi\u1ebft K\u1ebf v\u00e0 In \u1ea4n T\u00fai V\u1ea3i - T\u00fai Gi\u1ea5y<\/title>\n<meta name=\"description\" content=\"T\u00daI GI\u1ea4Y v\u00e0 T\u00daI V\u1ea2I v\u1edbi \u0111\u1eb7c t\u00ednh th\u00e2n thi\u1ec7n m\u00f4i tr\u01b0\u1eddng nh\u01b0 l\u00e0 m\u1ed9t xu h\u01b0\u1edbng t\u1ea5t y\u1ebfu, thay th\u1ebf cho t\u00fai nylon ng\u00e0y c\u00e0ng b\u1ecb &quot;l\u00ean \u00e1n&quot;.\" \/>\n<meta name=\"robots\" content=\"index, follow, max-snippet:-1, max-image-preview:large, max-video-preview:-1\" \/>\n<link rel=\"canonical\" href=\"https:\/\/shinad.vn\/index.php\/bo-nhan-dien-thuong-hieu\/in-an-tren-tui-xach\/\" \/>\n<meta property=\"og:locale\" content=\"vi_VN\" \/>\n<meta property=\"og:type\" content=\"article\" \/>\n<meta property=\"og:title\" content=\"SHINAD I Thi\u1ebft K\u1ebf v\u00e0 In \u1ea4n T\u00fai V\u1ea3i - T\u00fai Gi\u1ea5y\" \/>\n<meta property=\"og:description\" content=\"T\u00daI GI\u1ea4Y v\u00e0 T\u00daI V\u1ea2I v\u1edbi \u0111\u1eb7c t\u00ednh th\u00e2n thi\u1ec7n m\u00f4i tr\u01b0\u1eddng nh\u01b0 l\u00e0 m\u1ed9t xu h\u01b0\u1edbng t\u1ea5t y\u1ebfu, thay th\u1ebf cho t\u00fai nylon ng\u00e0y c\u00e0ng b\u1ecb &quot;l\u00ean \u00e1n&quot;.\" \/>\n<meta property=\"og:url\" content=\"https:\/\/shinad.vn\/index.php\/bo-nhan-dien-thuong-hieu\/in-an-tren-tui-xach\/\" \/>\n<meta property=\"article:publisher\" content=\"https:\/\/www.facebook.com\/shinad.vn\" \/>\n<meta property=\"article:modified_time\" content=\"2025-11-05T15:16:35+00:00\" \/>\n<meta property=\"og:image\" content=\"https:\/\/shinad.vn\/wp-content\/uploads\/2022\/04\/tui-giay-4.jpg\" \/>\n<meta name=\"twitter:card\" content=\"summary_large_image\" \/>\n<meta name=\"twitter:label1\" content=\"\u01af\u1edbc t\u00ednh th\u1eddi gian \u0111\u1ecdc\" \/>\n\t<meta name=\"twitter:data1\" content=\"3 ph\u00fat\" \/>\n<script type=\"application\/ld+json\" class=\"yoast-schema-graph\">{\"@context\":\"https:\\\/\\\/schema.org\",\"@graph\":[{\"@type\":\"WebPage\",\"@id\":\"https:\\\/\\\/shinad.vn\\\/index.php\\\/bo-nhan-dien-thuong-hieu\\\/in-an-tren-tui-xach\\\/\",\"url\":\"https:\\\/\\\/shinad.vn\\\/index.php\\\/bo-nhan-dien-thuong-hieu\\\/in-an-tren-tui-xach\\\/\",\"name\":\"SHINAD I Thi\u1ebft K\u1ebf v\u00e0 In \u1ea4n T\u00fai V\u1ea3i - T\u00fai Gi\u1ea5y\",\"isPartOf\":{\"@id\":\"https:\\\/\\\/shinad.vn\\\/#website\"},\"primaryImageOfPage\":{\"@id\":\"https:\\\/\\\/shinad.vn\\\/index.php\\\/bo-nhan-dien-thuong-hieu\\\/in-an-tren-tui-xach\\\/#primaryimage\"},\"image\":{\"@id\":\"https:\\\/\\\/shinad.vn\\\/index.php\\\/bo-nhan-dien-thuong-hieu\\\/in-an-tren-tui-xach\\\/#primaryimage\"},\"thumbnailUrl\":\"https:\\\/\\\/shinad.vn\\\/wp-content\\\/uploads\\\/2022\\\/04\\\/tui-giay-4.jpg\",\"datePublished\":\"2021-05-09T08:52:36+00:00\",\"dateModified\":\"2025-11-05T15:16:35+00:00\",\"description\":\"T\u00daI GI\u1ea4Y v\u00e0 T\u00daI V\u1ea2I v\u1edbi \u0111\u1eb7c t\u00ednh th\u00e2n thi\u1ec7n m\u00f4i tr\u01b0\u1eddng nh\u01b0 l\u00e0 m\u1ed9t xu h\u01b0\u1edbng t\u1ea5t y\u1ebfu, thay th\u1ebf cho t\u00fai nylon ng\u00e0y c\u00e0ng b\u1ecb \\\"l\u00ean \u00e1n\\\".\",\"breadcrumb\":{\"@id\":\"https:\\\/\\\/shinad.vn\\\/index.php\\\/bo-nhan-dien-thuong-hieu\\\/in-an-tren-tui-xach\\\/#breadcrumb\"},\"inLanguage\":\"vi\",\"potentialAction\":[{\"@type\":\"ReadAction\",\"target\":[\"https:\\\/\\\/shinad.vn\\\/index.php\\\/bo-nhan-dien-thuong-hieu\\\/in-an-tren-tui-xach\\\/\"]}]},{\"@type\":\"ImageObject\",\"inLanguage\":\"vi\",\"@id\":\"https:\\\/\\\/shinad.vn\\\/index.php\\\/bo-nhan-dien-thuong-hieu\\\/in-an-tren-tui-xach\\\/#primaryimage\",\"url\":\"https:\\\/\\\/i0.wp.com\\\/shinad.vn\\\/wp-content\\\/uploads\\\/2022\\\/04\\\/tui-giay-4.jpg?fit=800%2C513&ssl=1\",\"contentUrl\":\"https:\\\/\\\/i0.wp.com\\\/shinad.vn\\\/wp-content\\\/uploads\\\/2022\\\/04\\\/tui-giay-4.jpg?fit=800%2C513&ssl=1\",\"width\":800,\"height\":513},{\"@type\":\"BreadcrumbList\",\"@id\":\"https:\\\/\\\/shinad.vn\\\/index.php\\\/bo-nhan-dien-thuong-hieu\\\/in-an-tren-tui-xach\\\/#breadcrumb\",\"itemListElement\":[{\"@type\":\"ListItem\",\"position\":1,\"name\":\"Trang ch\u1ee7\",\"item\":\"https:\\\/\\\/shinad.vn\\\/\"},{\"@type\":\"ListItem\",\"position\":2,\"name\":\"B\u1ed8 NH\u1eacN DI\u1ec6N TH\u01af\u01a0NG HI\u1ec6U\",\"item\":\"https:\\\/\\\/shinad.vn\\\/index.php\\\/bo-nhan-dien-thuong-hieu\\\/\"},{\"@type\":\"ListItem\",\"position\":3,\"name\":\"In T\u00fai V\u1ea3i &#8211; T\u00fai Gi\u1ea5y\"}]},{\"@type\":\"WebSite\",\"@id\":\"https:\\\/\\\/shinad.vn\\\/#website\",\"url\":\"https:\\\/\\\/shinad.vn\\\/\",\"name\":\"www.shinad.vn\",\"description\":\"\",\"publisher\":{\"@id\":\"https:\\\/\\\/shinad.vn\\\/#organization\"},\"potentialAction\":[{\"@type\":\"SearchAction\",\"target\":{\"@type\":\"EntryPoint\",\"urlTemplate\":\"https:\\\/\\\/shinad.vn\\\/?s={search_term_string}\"},\"query-input\":{\"@type\":\"PropertyValueSpecification\",\"valueRequired\":true,\"valueName\":\"search_term_string\"}}],\"inLanguage\":\"vi\"},{\"@type\":\"Organization\",\"@id\":\"https:\\\/\\\/shinad.vn\\\/#organization\",\"name\":\"C\u00f4ng ty c\u1ed5 ph\u1ea7n \u0111\u1ea7u t\u01b0 th\u01b0\u01a1ng m\u1ea1i qu\u1ea3ng c\u00e1o Shinad\",\"url\":\"https:\\\/\\\/shinad.vn\\\/\",\"logo\":{\"@type\":\"ImageObject\",\"inLanguage\":\"vi\",\"@id\":\"https:\\\/\\\/shinad.vn\\\/#\\\/schema\\\/logo\\\/image\\\/\",\"url\":\"https:\\\/\\\/i0.wp.com\\\/shinad.vn\\\/wp-content\\\/uploads\\\/2020\\\/04\\\/cropped-Logo-SHINAD-ngang-3.png?fit=378%2C101&ssl=1\",\"contentUrl\":\"https:\\\/\\\/i0.wp.com\\\/shinad.vn\\\/wp-content\\\/uploads\\\/2020\\\/04\\\/cropped-Logo-SHINAD-ngang-3.png?fit=378%2C101&ssl=1\",\"width\":378,\"height\":101,\"caption\":\"C\u00f4ng ty c\u1ed5 ph\u1ea7n \u0111\u1ea7u t\u01b0 th\u01b0\u01a1ng m\u1ea1i qu\u1ea3ng c\u00e1o Shinad\"},\"image\":{\"@id\":\"https:\\\/\\\/shinad.vn\\\/#\\\/schema\\\/logo\\\/image\\\/\"},\"sameAs\":[\"https:\\\/\\\/www.facebook.com\\\/shinad.vn\"]}]}<\/script>\n<!-- \/ Yoast SEO plugin. -->","yoast_head_json":{"title":"SHINAD I Thi\u1ebft K\u1ebf v\u00e0 In \u1ea4n T\u00fai V\u1ea3i - T\u00fai Gi\u1ea5y","description":"T\u00daI GI\u1ea4Y v\u00e0 T\u00daI V\u1ea2I v\u1edbi \u0111\u1eb7c t\u00ednh th\u00e2n thi\u1ec7n m\u00f4i tr\u01b0\u1eddng nh\u01b0 l\u00e0 m\u1ed9t xu h\u01b0\u1edbng t\u1ea5t y\u1ebfu, thay th\u1ebf cho t\u00fai nylon ng\u00e0y c\u00e0ng b\u1ecb \"l\u00ean \u00e1n\".","robots":{"index":"index","follow":"follow","max-snippet":"max-snippet:-1","max-image-preview":"max-image-preview:large","max-video-preview":"max-video-preview:-1"},"canonical":"https:\/\/shinad.vn\/index.php\/bo-nhan-dien-thuong-hieu\/in-an-tren-tui-xach\/","og_locale":"vi_VN","og_type":"article","og_title":"SHINAD I Thi\u1ebft K\u1ebf v\u00e0 In \u1ea4n T\u00fai V\u1ea3i - T\u00fai Gi\u1ea5y","og_description":"T\u00daI GI\u1ea4Y v\u00e0 T\u00daI V\u1ea2I v\u1edbi \u0111\u1eb7c t\u00ednh th\u00e2n thi\u1ec7n m\u00f4i tr\u01b0\u1eddng nh\u01b0 l\u00e0 m\u1ed9t xu h\u01b0\u1edbng t\u1ea5t y\u1ebfu, thay th\u1ebf cho t\u00fai nylon ng\u00e0y c\u00e0ng b\u1ecb \"l\u00ean \u00e1n\".","og_url":"https:\/\/shinad.vn\/index.php\/bo-nhan-dien-thuong-hieu\/in-an-tren-tui-xach\/","article_publisher":"https:\/\/www.facebook.com\/shinad.vn","article_modified_time":"2025-11-05T15:16:35+00:00","og_image":[{"url":"https:\/\/shinad.vn\/wp-content\/uploads\/2022\/04\/tui-giay-4.jpg","type":"","width":"","height":""}],"twitter_card":"summary_large_image","twitter_misc":{"\u01af\u1edbc t\u00ednh th\u1eddi gian \u0111\u1ecdc":"3 ph\u00fat"},"schema":{"@context":"https:\/\/schema.org","@graph":[{"@type":"WebPage","@id":"https:\/\/shinad.vn\/index.php\/bo-nhan-dien-thuong-hieu\/in-an-tren-tui-xach\/","url":"https:\/\/shinad.vn\/index.php\/bo-nhan-dien-thuong-hieu\/in-an-tren-tui-xach\/","name":"SHINAD I Thi\u1ebft K\u1ebf v\u00e0 In \u1ea4n T\u00fai V\u1ea3i - T\u00fai Gi\u1ea5y","isPartOf":{"@id":"https:\/\/shinad.vn\/#website"},"primaryImageOfPage":{"@id":"https:\/\/shinad.vn\/index.php\/bo-nhan-dien-thuong-hieu\/in-an-tren-tui-xach\/#primaryimage"},"image":{"@id":"https:\/\/shinad.vn\/index.php\/bo-nhan-dien-thuong-hieu\/in-an-tren-tui-xach\/#primaryimage"},"thumbnailUrl":"https:\/\/shinad.vn\/wp-content\/uploads\/2022\/04\/tui-giay-4.jpg","datePublished":"2021-05-09T08:52:36+00:00","dateModified":"2025-11-05T15:16:35+00:00","description":"T\u00daI GI\u1ea4Y v\u00e0 T\u00daI V\u1ea2I v\u1edbi \u0111\u1eb7c t\u00ednh th\u00e2n thi\u1ec7n m\u00f4i tr\u01b0\u1eddng nh\u01b0 l\u00e0 m\u1ed9t xu h\u01b0\u1edbng t\u1ea5t y\u1ebfu, thay th\u1ebf cho t\u00fai nylon ng\u00e0y c\u00e0ng b\u1ecb \"l\u00ean \u00e1n\".","breadcrumb":{"@id":"https:\/\/shinad.vn\/index.php\/bo-nhan-dien-thuong-hieu\/in-an-tren-tui-xach\/#breadcrumb"},"inLanguage":"vi","potentialAction":[{"@type":"ReadAction","target":["https:\/\/shinad.vn\/index.php\/bo-nhan-dien-thuong-hieu\/in-an-tren-tui-xach\/"]}]},{"@type":"ImageObject","inLanguage":"vi","@id":"https:\/\/shinad.vn\/index.php\/bo-nhan-dien-thuong-hieu\/in-an-tren-tui-xach\/#primaryimage","url":"https:\/\/i0.wp.com\/shinad.vn\/wp-content\/uploads\/2022\/04\/tui-giay-4.jpg?fit=800%2C513&ssl=1","contentUrl":"https:\/\/i0.wp.com\/shinad.vn\/wp-content\/uploads\/2022\/04\/tui-giay-4.jpg?fit=800%2C513&ssl=1","width":800,"height":513},{"@type":"BreadcrumbList","@id":"https:\/\/shinad.vn\/index.php\/bo-nhan-dien-thuong-hieu\/in-an-tren-tui-xach\/#breadcrumb","itemListElement":[{"@type":"ListItem","position":1,"name":"Trang ch\u1ee7","item":"https:\/\/shinad.vn\/"},{"@type":"ListItem","position":2,"name":"B\u1ed8 NH\u1eacN DI\u1ec6N TH\u01af\u01a0NG HI\u1ec6U","item":"https:\/\/shinad.vn\/index.php\/bo-nhan-dien-thuong-hieu\/"},{"@type":"ListItem","position":3,"name":"In T\u00fai V\u1ea3i &#8211; T\u00fai Gi\u1ea5y"}]},{"@type":"WebSite","@id":"https:\/\/shinad.vn\/#website","url":"https:\/\/shinad.vn\/","name":"www.shinad.vn","description":"","publisher":{"@id":"https:\/\/shinad.vn\/#organization"},"potentialAction":[{"@type":"SearchAction","target":{"@type":"EntryPoint","urlTemplate":"https:\/\/shinad.vn\/?s={search_term_string}"},"query-input":{"@type":"PropertyValueSpecification","valueRequired":true,"valueName":"search_term_string"}}],"inLanguage":"vi"},{"@type":"Organization","@id":"https:\/\/shinad.vn\/#organization","name":"C\u00f4ng ty c\u1ed5 ph\u1ea7n \u0111\u1ea7u t\u01b0 th\u01b0\u01a1ng m\u1ea1i qu\u1ea3ng c\u00e1o Shinad","url":"https:\/\/shinad.vn\/","logo":{"@type":"ImageObject","inLanguage":"vi","@id":"https:\/\/shinad.vn\/#\/schema\/logo\/image\/","url":"https:\/\/i0.wp.com\/shinad.vn\/wp-content\/uploads\/2020\/04\/cropped-Logo-SHINAD-ngang-3.png?fit=378%2C101&ssl=1","contentUrl":"https:\/\/i0.wp.com\/shinad.vn\/wp-content\/uploads\/2020\/04\/cropped-Logo-SHINAD-ngang-3.png?fit=378%2C101&ssl=1","width":378,"height":101,"caption":"C\u00f4ng ty c\u1ed5 ph\u1ea7n \u0111\u1ea7u t\u01b0 th\u01b0\u01a1ng m\u1ea1i qu\u1ea3ng c\u00e1o Shinad"},"image":{"@id":"https:\/\/shinad.vn\/#\/schema\/logo\/image\/"},"sameAs":["https:\/\/www.facebook.com\/shinad.vn"]}]}},"jetpack_sharing_enabled":true,"_links":{"self":[{"href":"https:\/\/shinad.vn\/index.php\/wp-json\/wp\/v2\/pages\/954","targetHints":{"allow":["GET"]}}],"collection":[{"href":"https:\/\/shinad.vn\/index.php\/wp-json\/wp\/v2\/pages"}],"about":[{"href":"https:\/\/shinad.vn\/index.php\/wp-json\/wp\/v2\/types\/page"}],"author":[{"embeddable":true,"href":"https:\/\/shinad.vn\/index.php\/wp-json\/wp\/v2\/users\/1"}],"replies":[{"embeddable":true,"href":"https:\/\/shinad.vn\/index.php\/wp-json\/wp\/v2\/comments?post=954"}],"version-history":[{"count":17,"href":"https:\/\/shinad.vn\/index.php\/wp-json\/wp\/v2\/pages\/954\/revisions"}],"predecessor-version":[{"id":3122,"href":"https:\/\/shinad.vn\/index.php\/wp-json\/wp\/v2\/pages\/954\/revisions\/3122"}],"up":[{"embeddable":true,"href":"https:\/\/shinad.vn\/index.php\/wp-json\/wp\/v2\/pages\/30"}],"wp:attachment":[{"href":"https:\/\/shinad.vn\/index.php\/wp-json\/wp\/v2\/media?parent=954"}],"curies":[{"name":"wp","href":"https:\/\/api.w.org\/{rel}","templated":true}]}}