{"id":27,"date":"2019-11-02T17:29:03","date_gmt":"2019-11-02T10:29:03","guid":{"rendered":"http:\/\/shinad.vn\/?page_id=27"},"modified":"2025-11-05T22:17:50","modified_gmt":"2025-11-05T15:17:50","slug":"giai-phap-the-nhua","status":"publish","type":"page","link":"https:\/\/shinad.vn\/index.php\/giai-phap-the-nhua\/","title":{"rendered":"GI\u1ea2I PH\u00c1P TH\u1eba NH\u1ef0A"},"content":{"rendered":"\n<div style=\"height:21px\" aria-hidden=\"true\" class=\"wp-block-spacer\"><\/div>\n\n\n\n<p class=\"has-text-align-justify\">Th\u1ebb nh\u1ef1a c\u00f2n g\u1ecdi th\u1ebb PVC, l\u00e0 s\u1ea3n ph\u1ea9m ti\u1ec7n d\u1ee5ng \u0111ang d\u1ea7n thay th\u1ebf ho\u00e0n to\u00e0n th\u1ebb gi\u1ea5y truy\u1ec1n th\u1ed1ng, \u0111\u01b0\u1ee3c s\u1eed d\u1ee5ng trong h\u1ea7u h\u1ebft c\u00e1c l\u0129nh v\u1ef1c: T\u00e0i ch\u00ednh Ng\u00e2n h\u00e0ng, Doanh nghi\u1ec7p &#8211; B\u00e1n l\u1ebb; Gi\u00e1o d\u1ee5c; Nh\u00e0 x\u01b0\u1edfng,&#8230;<\/p>\n\n\n\n<p>Th\u1ebb c\u00f3 th\u1ec3 t\u00edch h\u1ee3p c\u00f9ng nhi\u1ec1u t\u00ednh n\u0103ng b\u1ea3o m\u1eadt nh\u01b0 th\u1ebb t\u1eeb, th\u1ebb ch\u00edp, &#8230;v\u1edbi c\u00e1c c\u00f4ng ngh\u1ec7 b\u1ea3o m\u1eadt hi\u1ec7n \u0111\u1ea1i nh\u1ea5t hi\u1ec7n nay.<\/p>\n\n\n\n<figure class=\"wp-block-image size-large\"><img data-recalc-dims=\"1\" fetchpriority=\"high\" decoding=\"async\" width=\"750\" height=\"409\" data-attachment-id=\"2892\" data-permalink=\"https:\/\/shinad.vn\/index.php\/giai-phap-the-nhua\/card2\/\" data-orig-file=\"https:\/\/i0.wp.com\/shinad.vn\/wp-content\/uploads\/2025\/07\/Card2.jpg?fit=2560%2C1396&amp;ssl=1\" data-orig-size=\"2560,1396\" data-comments-opened=\"1\" data-image-meta=\"{&quot;aperture&quot;:&quot;0&quot;,&quot;credit&quot;:&quot;&quot;,&quot;camera&quot;:&quot;&quot;,&quot;caption&quot;:&quot;&quot;,&quot;created_timestamp&quot;:&quot;0&quot;,&quot;copyright&quot;:&quot;&quot;,&quot;focal_length&quot;:&quot;0&quot;,&quot;iso&quot;:&quot;0&quot;,&quot;shutter_speed&quot;:&quot;0&quot;,&quot;title&quot;:&quot;&quot;,&quot;orientation&quot;:&quot;0&quot;}\" data-image-title=\"Card2\" data-image-description=\"\" data-image-caption=\"\" data-large-file=\"https:\/\/i0.wp.com\/shinad.vn\/wp-content\/uploads\/2025\/07\/Card2.jpg?fit=750%2C409&amp;ssl=1\" src=\"https:\/\/i0.wp.com\/shinad.vn\/wp-content\/uploads\/2025\/07\/Card2.jpg?resize=750%2C409&#038;ssl=1\" alt=\"\" class=\"wp-image-2892\" srcset=\"https:\/\/i0.wp.com\/shinad.vn\/wp-content\/uploads\/2025\/07\/Card2.jpg?resize=1024%2C558&amp;ssl=1 1024w, https:\/\/i0.wp.com\/shinad.vn\/wp-content\/uploads\/2025\/07\/Card2.jpg?resize=300%2C164&amp;ssl=1 300w, https:\/\/i0.wp.com\/shinad.vn\/wp-content\/uploads\/2025\/07\/Card2.jpg?resize=768%2C419&amp;ssl=1 768w, https:\/\/i0.wp.com\/shinad.vn\/wp-content\/uploads\/2025\/07\/Card2.jpg?resize=1536%2C838&amp;ssl=1 1536w, https:\/\/i0.wp.com\/shinad.vn\/wp-content\/uploads\/2025\/07\/Card2.jpg?resize=2048%2C1117&amp;ssl=1 2048w, https:\/\/i0.wp.com\/shinad.vn\/wp-content\/uploads\/2025\/07\/Card2.jpg?w=2250&amp;ssl=1 2250w\" sizes=\"(max-width: 750px) 100vw, 750px\" \/><\/figure>\n\n\n\n<p>Ngo\u00e0i nh\u1eefng t\u00ednh n\u0103ng ti\u1ec7n l\u1ee3i, b\u1ea3o m\u1eadt,&#8230; Th\u1ebb nh\u1ef1a c\u00f2n mang s\u1ee9 m\u1ec7nh marketing, qu\u1ea3ng b\u00e1 th\u01b0\u01a1ng hi\u1ec7u v\u00e0 truy\u1ec1n \u0111\u1ea1t nh\u1eefng th\u00f4ng tin t\u1eeb nh\u00e0 ph\u00e1t h\u00e0nh \u0111\u1ebfn ng\u01b0\u1eddi ti\u00eau d\u00f9ng th\u00f4ng qua nh\u1eefng thi\u1ebft k\u1ebf, th\u00f4ng tin \u0111\u01b0\u1ee3c th\u1ec3 hi\u1ec7n in \u1ea5n tr\u00ean th\u1ebb.<\/p>\n\n\n\n<hr class=\"wp-block-separator has-alpha-channel-opacity\"\/>\n\n\n\n<h6 class=\"wp-block-heading\">M\u1ed9t s\u1ed1 th\u1ebb th\u00f4ng d\u1ee5ng hi\u1ec7n nay nh\u01b0:<\/h6>\n\n\n\n<ul class=\"wp-block-list\">\n<li><strong>Doanh nghi\u1ec7p:<\/strong> Th\u1ebb Nh\u00e2n vi\u00ean, th\u1ebb ch\u1ea5m c\u00f4ng, th\u1ebb ki\u1ec3m so\u00e1t ra v\u00e0o, &#8230;<\/li>\n\n\n\n<li><strong>B\u00e1n l\u1ebb:<\/strong> Th\u1ebb kh\u00e1ch h\u00e0ng th\u00e2n thi\u1ebft, th\u1ebb tr\u1ea3 tr\u01b0\u1edbc, th\u1ebb b\u1ea3o h\u00e0nh, &#8230;<\/li>\n\n\n\n<li><strong>HORECA: <\/strong>Th\u1ebb kho\u00e1 kh\u00e1ch s\u1ea1n, th\u1ebb gi\u1eef xe; th\u1ebb kh\u00e1ch h\u00e0ng VIP, &#8230;<\/li>\n\n\n\n<li><strong>Gi\u00e1o d\u1ee5c:<\/strong> Th\u1ebb H\u1ecdc sinh &#8211; Sinh vi\u00ean, th\u1ebb th\u01b0 vi\u1ec7n, th\u1ebb c\u0103n tin,&#8230;<\/li>\n\n\n\n<li><strong>T\u00e0i ch\u00ednh &#8211; Ng\u00e2n h\u00e0ng: <\/strong>Th\u1ebb ATM, Th\u1ebb kh\u00e1ch h\u00e0ng \u01b0u ti\u00ean, &#8230;<\/li>\n<\/ul>\n\n\n\n<hr class=\"wp-block-separator has-css-opacity\"\/>\n\n\n\n<p class=\"has-text-align-justify\">SHINAD cung c\u1ea5p tr\u1ecdn g\u00f3i gi\u1ea3i ph\u00e1p th\u1ebb. T\u1eeb vi\u1ec7c in \u1ea5n gia c\u00f4ng ho\u00e0n thi\u1ec7n \u0111\u1ebfn cung c\u1ea5p <a href=\"https:\/\/www.entrust.com\/?edc_sfid=7015Y000002ePvBQAU&amp;gclid=CjwKCAjwuqiiBhBtEiwATgvixAnU2dEMAEdzxgsY8G9ZRS8cPyzljGRH_fQRXUQ9U3WLBXvNWfD4kxoCrC4QAvD_BwE\" target=\"_blank\" rel=\"noreferrer noopener\">m\u00e1y m\u00f3c<\/a>, v\u1eadt t\u01b0 \u0111\u1ec3 kh\u00e1ch h\u00e0ng c\u00f3 th\u1ec3 ch\u1ee7 \u0111\u1ed9ng trong vi\u1ec7c ph\u00e1t h\u00e0nh th\u1ebb.<\/p>\n\n\n\n<div class=\"wp-block-columns is-layout-flex wp-container-core-columns-is-layout-28f84493 wp-block-columns-is-layout-flex\">\n<div class=\"wp-block-column is-layout-flow wp-block-column-is-layout-flow\">\n<div class=\"wp-block-cover aligncenter is-light has-custom-content-position is-position-bottom-center\" style=\"min-height:280px;aspect-ratio:unset;\"><img data-recalc-dims=\"1\" decoding=\"async\" width=\"500\" height=\"350\" data-attachment-id=\"1563\" data-permalink=\"https:\/\/shinad.vn\/index.php\/giai-phap-the-nhua\/the-khach-hang\/\" data-orig-file=\"https:\/\/i0.wp.com\/shinad.vn\/wp-content\/uploads\/2021\/05\/the-khach-hang.jpg?fit=500%2C350&amp;ssl=1\" data-orig-size=\"500,350\" data-comments-opened=\"1\" data-image-meta=\"{&quot;aperture&quot;:&quot;0&quot;,&quot;credit&quot;:&quot;&quot;,&quot;camera&quot;:&quot;&quot;,&quot;caption&quot;:&quot;&quot;,&quot;created_timestamp&quot;:&quot;0&quot;,&quot;copyright&quot;:&quot;&quot;,&quot;focal_length&quot;:&quot;0&quot;,&quot;iso&quot;:&quot;0&quot;,&quot;shutter_speed&quot;:&quot;0&quot;,&quot;title&quot;:&quot;&quot;,&quot;orientation&quot;:&quot;0&quot;}\" data-image-title=\"the-khach-hang\" data-image-description=\"\" data-image-caption=\"\" data-large-file=\"https:\/\/i0.wp.com\/shinad.vn\/wp-content\/uploads\/2021\/05\/the-khach-hang.jpg?fit=500%2C350&amp;ssl=1\" class=\"wp-block-cover__image-background wp-image-1563\" alt=\"\" src=\"https:\/\/i0.wp.com\/shinad.vn\/wp-content\/uploads\/2021\/05\/the-khach-hang.jpg?resize=500%2C350&#038;ssl=1\" data-object-fit=\"cover\" srcset=\"https:\/\/i0.wp.com\/shinad.vn\/wp-content\/uploads\/2021\/05\/the-khach-hang.jpg?w=500&amp;ssl=1 500w, https:\/\/i0.wp.com\/shinad.vn\/wp-content\/uploads\/2021\/05\/the-khach-hang.jpg?resize=300%2C210&amp;ssl=1 300w\" sizes=\"(max-width: 500px) 100vw, 500px\" \/><span aria-hidden=\"true\" class=\"wp-block-cover__background has-background-dim-10 has-background-dim\"><\/span><div class=\"wp-block-cover__inner-container is-layout-flow wp-block-cover-is-layout-flow\">\n<p class=\"has-text-align-center\"><strong><a href=\"https:\/\/shinad.vn\/index.php\/giai-phap-the-nhua\/the-nhua\/\"><mark style=\"background-color:rgba(0, 0, 0, 0)\" class=\"has-inline-color has-white-color\">TH\u1eba NH\u1ef0A &#8211; PVC CARD<\/mark><\/a><\/strong><\/p>\n<\/div><\/div>\n<\/div>\n\n\n\n<div class=\"wp-block-column is-layout-flow wp-block-column-is-layout-flow\">\n<div class=\"wp-block-cover aligncenter is-light is-repeated has-custom-content-position is-position-bottom-center\" style=\"min-height:280px;aspect-ratio:unset;\"><div class=\"wp-block-cover__image-background wp-image-716 is-repeated\" style=\"background-position:50% 50%;background-image:url(https:\/\/shinad.vn\/wp-content\/uploads\/2021\/05\/Datacard-3.png)\"><\/div><span aria-hidden=\"true\" class=\"wp-block-cover__background has-background-dim-10 has-background-dim\"><\/span><div class=\"wp-block-cover__inner-container is-layout-flow wp-block-cover-is-layout-flow\">\n<p class=\"has-text-align-center\"><a href=\"https:\/\/shinad.vn\/index.php\/giai-phap-the-nhua\/may-in-the-nhua\/\"><strong><mark style=\"background-color:rgba(0, 0, 0, 0)\" class=\"has-inline-color has-white-color\">M\u00c1Y IN TH\u1eba NH\u1ef0A<\/mark><\/strong><\/a><\/p>\n<\/div><\/div>\n<\/div>\n<\/div>\n\n\n\n<div class=\"wp-block-columns is-layout-flex wp-container-core-columns-is-layout-28f84493 wp-block-columns-is-layout-flex\">\n<div class=\"wp-block-column is-layout-flow wp-block-column-is-layout-flow\">\n<div class=\"wp-block-cover aligncenter is-light has-custom-content-position is-position-bottom-center\" style=\"min-height:280px;aspect-ratio:unset;\"><img data-recalc-dims=\"1\" decoding=\"async\" width=\"750\" height=\"750\" data-attachment-id=\"811\" data-permalink=\"https:\/\/shinad.vn\/index.php\/giai-phap-the-nhua\/ruybang\/\" data-orig-file=\"https:\/\/i0.wp.com\/shinad.vn\/wp-content\/uploads\/2021\/05\/Ruybang.jpg?fit=922%2C922&amp;ssl=1\" data-orig-size=\"922,922\" data-comments-opened=\"1\" data-image-meta=\"{&quot;aperture&quot;:&quot;0&quot;,&quot;credit&quot;:&quot;&quot;,&quot;camera&quot;:&quot;&quot;,&quot;caption&quot;:&quot;&quot;,&quot;created_timestamp&quot;:&quot;0&quot;,&quot;copyright&quot;:&quot;&quot;,&quot;focal_length&quot;:&quot;0&quot;,&quot;iso&quot;:&quot;0&quot;,&quot;shutter_speed&quot;:&quot;0&quot;,&quot;title&quot;:&quot;&quot;,&quot;orientation&quot;:&quot;0&quot;}\" data-image-title=\"Ruybang\" data-image-description=\"\" data-image-caption=\"\" data-large-file=\"https:\/\/i0.wp.com\/shinad.vn\/wp-content\/uploads\/2021\/05\/Ruybang.jpg?fit=750%2C750&amp;ssl=1\" class=\"wp-block-cover__image-background wp-image-811\" alt=\"\" src=\"https:\/\/i0.wp.com\/shinad.vn\/wp-content\/uploads\/2021\/05\/Ruybang.jpg?resize=750%2C750&#038;ssl=1\" data-object-fit=\"cover\" srcset=\"https:\/\/i0.wp.com\/shinad.vn\/wp-content\/uploads\/2021\/05\/Ruybang.jpg?w=922&amp;ssl=1 922w, https:\/\/i0.wp.com\/shinad.vn\/wp-content\/uploads\/2021\/05\/Ruybang.jpg?resize=300%2C300&amp;ssl=1 300w, https:\/\/i0.wp.com\/shinad.vn\/wp-content\/uploads\/2021\/05\/Ruybang.jpg?resize=150%2C150&amp;ssl=1 150w, https:\/\/i0.wp.com\/shinad.vn\/wp-content\/uploads\/2021\/05\/Ruybang.jpg?resize=768%2C768&amp;ssl=1 768w\" sizes=\"(max-width: 750px) 100vw, 750px\" \/><span aria-hidden=\"true\" class=\"wp-block-cover__background has-background-dim-10 has-background-dim\"><\/span><div class=\"wp-block-cover__inner-container is-layout-flow wp-block-cover-is-layout-flow\">\n<p class=\"has-text-align-center\"><strong><a href=\"https:\/\/shinad.vn\/index.php\/giai-phap-the-nhua\/vat-tu-may-in-the-nhua\/\"><mark style=\"background-color:rgba(0, 0, 0, 0)\" class=\"has-inline-color has-white-color\">V\u1eacT T\u01af M\u00c1Y IN<\/mark><\/a><\/strong><\/p>\n<\/div><\/div>\n<\/div>\n\n\n\n<div class=\"wp-block-column is-layout-flow wp-block-column-is-layout-flow\">\n<div class=\"wp-block-cover aligncenter is-light is-repeated has-custom-content-position is-position-bottom-center\" style=\"min-height:280px;aspect-ratio:unset;\"><div class=\"wp-block-cover__image-background wp-image-743 is-repeated\" style=\"background-position:50% 50%;background-image:url(https:\/\/shinad.vn\/wp-content\/uploads\/2021\/05\/Dau-doc-the-chip.png)\"><\/div><span aria-hidden=\"true\" class=\"wp-block-cover__background has-background-dim-10 has-background-dim\"><\/span><div class=\"wp-block-cover__inner-container is-layout-flow wp-block-cover-is-layout-flow\">\n<p class=\"has-text-align-center\"><strong><a href=\"https:\/\/shinad.vn\/index.php\/giai-phap-the-nhua\/dau-doc-the\/\"><mark style=\"background-color:rgba(0, 0, 0, 0)\" class=\"has-inline-color has-white-color\">\u0110\u1ea6U \u0110\u1eccC TH\u1eba<\/mark><\/a><\/strong><\/p>\n<\/div><\/div>\n<\/div>\n<\/div>\n\n\n\n<hr class=\"wp-block-separator has-css-opacity\"\/>\n\n\n\n<p><mark style=\"background-color:rgba(0, 0, 0, 0)\" class=\"has-inline-color has-accent-color\">H\u00e3y li\u00ean h\u1ec7 <a href=\"https:\/\/www.facebook.com\/inthenhuashinad\/\"><strong>SHINAD<\/strong><\/a> \u0111\u1ec3 \u0111\u01b0\u1ee3c tham kh\u1ea3o, demo v\u00e0 l\u1ef1a ch\u1ecdn c\u00e1c gi\u1ea3i ph\u00e1p ph\u00e1t h\u00e0nh th\u1ebb t\u1ed1i \u01b0u nh\u1ea5t.<\/mark><\/p>\n\n\n\n<p><\/p>\n","protected":false},"excerpt":{"rendered":"<p>Th\u1ebb nh\u1ef1a c\u00f2n g\u1ecdi th\u1ebb PVC, l\u00e0 s\u1ea3n ph\u1ea9m ti\u1ec7n d\u1ee5ng \u0111ang d\u1ea7n thay th\u1ebf ho\u00e0n to\u00e0n th\u1ebb gi\u1ea5y truy\u1ec1n th\u1ed1ng, \u0111\u01b0\u1ee3c s\u1eed d\u1ee5ng trong h\u1ea7u h\u1ebft c\u00e1c l\u0129nh v\u1ef1c: T\u00e0i ch\u00ednh Ng\u00e2n h\u00e0ng, Doanh nghi\u1ec7p &#8211; B\u00e1n l\u1ebb; Gi\u00e1o d\u1ee5c; Nh\u00e0 x\u01b0\u1edfng,&#8230; Th\u1ebb c\u00f3 th\u1ec3 t\u00edch h\u1ee3p c\u00f9ng nhi\u1ec1u [&hellip;]<\/p>\n","protected":false},"author":1,"featured_media":0,"parent":0,"menu_order":0,"comment_status":"closed","ping_status":"closed","template":"","meta":{"footnotes":""},"class_list":["post-27","page","type-page","status-publish","hentry"],"yoast_head":"<!-- This site is optimized with the Yoast SEO plugin v27.4 - https:\/\/yoast.com\/product\/yoast-seo-wordpress\/ -->\n<title>SHINAD I Gi\u1ea3i Ph\u00e1p In Th\u1ebb nh\u1ef1a PVC<\/title>\n<meta name=\"description\" content=\"SHINAD cung c\u1ea5p tr\u1ecdn g\u00f3i gi\u1ea3i ph\u00e1p ph\u00e1t h\u00e0nh th\u1ebb nh\u1ef1a t\u1eeb t\u01b0 v\u1ea5n, thi\u1ebft k\u1ebf, s\u1ea3n xu\u1ea5t, \u0111\u1ebfn vi\u1ec7c cung c\u1ea5p m\u00e1y in th\u1ebb \u0111\u1ec3 b\u00e0n k\u00e8m v\u00e2t t\u01b0 in \u1ea5n.\" \/>\n<meta name=\"robots\" content=\"index, follow, max-snippet:-1, max-image-preview:large, max-video-preview:-1\" \/>\n<link rel=\"canonical\" href=\"https:\/\/shinad.vn\/index.php\/giai-phap-the-nhua\/\" \/>\n<meta property=\"og:locale\" content=\"vi_VN\" \/>\n<meta property=\"og:type\" content=\"article\" \/>\n<meta property=\"og:title\" content=\"SHINAD I Gi\u1ea3i Ph\u00e1p In Th\u1ebb nh\u1ef1a PVC\" \/>\n<meta property=\"og:description\" content=\"SHINAD cung c\u1ea5p tr\u1ecdn g\u00f3i gi\u1ea3i ph\u00e1p ph\u00e1t h\u00e0nh th\u1ebb nh\u1ef1a t\u1eeb t\u01b0 v\u1ea5n, thi\u1ebft k\u1ebf, s\u1ea3n xu\u1ea5t, \u0111\u1ebfn vi\u1ec7c cung c\u1ea5p m\u00e1y in th\u1ebb \u0111\u1ec3 b\u00e0n k\u00e8m v\u00e2t t\u01b0 in \u1ea5n.\" \/>\n<meta property=\"og:url\" content=\"https:\/\/shinad.vn\/index.php\/giai-phap-the-nhua\/\" \/>\n<meta property=\"article:publisher\" content=\"https:\/\/www.facebook.com\/shinad.vn\" \/>\n<meta property=\"article:modified_time\" content=\"2025-11-05T15:17:50+00:00\" \/>\n<meta property=\"og:image\" content=\"https:\/\/shinad.vn\/wp-content\/uploads\/2025\/07\/Card2-1024x558.jpg\" \/>\n<meta name=\"twitter:card\" content=\"summary_large_image\" \/>\n<meta name=\"twitter:label1\" content=\"\u01af\u1edbc t\u00ednh th\u1eddi gian \u0111\u1ecdc\" \/>\n\t<meta name=\"twitter:data1\" content=\"3 ph\u00fat\" \/>\n<script type=\"application\/ld+json\" class=\"yoast-schema-graph\">{\"@context\":\"https:\\\/\\\/schema.org\",\"@graph\":[{\"@type\":\"WebPage\",\"@id\":\"https:\\\/\\\/shinad.vn\\\/index.php\\\/giai-phap-the-nhua\\\/\",\"url\":\"https:\\\/\\\/shinad.vn\\\/index.php\\\/giai-phap-the-nhua\\\/\",\"name\":\"SHINAD I Gi\u1ea3i Ph\u00e1p In Th\u1ebb nh\u1ef1a PVC\",\"isPartOf\":{\"@id\":\"https:\\\/\\\/shinad.vn\\\/#website\"},\"primaryImageOfPage\":{\"@id\":\"https:\\\/\\\/shinad.vn\\\/index.php\\\/giai-phap-the-nhua\\\/#primaryimage\"},\"image\":{\"@id\":\"https:\\\/\\\/shinad.vn\\\/index.php\\\/giai-phap-the-nhua\\\/#primaryimage\"},\"thumbnailUrl\":\"https:\\\/\\\/shinad.vn\\\/wp-content\\\/uploads\\\/2025\\\/07\\\/Card2-1024x558.jpg\",\"datePublished\":\"2019-11-02T10:29:03+00:00\",\"dateModified\":\"2025-11-05T15:17:50+00:00\",\"description\":\"SHINAD cung c\u1ea5p tr\u1ecdn g\u00f3i gi\u1ea3i ph\u00e1p ph\u00e1t h\u00e0nh th\u1ebb nh\u1ef1a t\u1eeb t\u01b0 v\u1ea5n, thi\u1ebft k\u1ebf, s\u1ea3n xu\u1ea5t, \u0111\u1ebfn vi\u1ec7c cung c\u1ea5p m\u00e1y in th\u1ebb \u0111\u1ec3 b\u00e0n k\u00e8m v\u00e2t t\u01b0 in \u1ea5n.\",\"breadcrumb\":{\"@id\":\"https:\\\/\\\/shinad.vn\\\/index.php\\\/giai-phap-the-nhua\\\/#breadcrumb\"},\"inLanguage\":\"vi\",\"potentialAction\":[{\"@type\":\"ReadAction\",\"target\":[\"https:\\\/\\\/shinad.vn\\\/index.php\\\/giai-phap-the-nhua\\\/\"]}]},{\"@type\":\"ImageObject\",\"inLanguage\":\"vi\",\"@id\":\"https:\\\/\\\/shinad.vn\\\/index.php\\\/giai-phap-the-nhua\\\/#primaryimage\",\"url\":\"https:\\\/\\\/i0.wp.com\\\/shinad.vn\\\/wp-content\\\/uploads\\\/2025\\\/07\\\/Card2.jpg?fit=2560%2C1396&ssl=1\",\"contentUrl\":\"https:\\\/\\\/i0.wp.com\\\/shinad.vn\\\/wp-content\\\/uploads\\\/2025\\\/07\\\/Card2.jpg?fit=2560%2C1396&ssl=1\",\"width\":2560,\"height\":1396},{\"@type\":\"BreadcrumbList\",\"@id\":\"https:\\\/\\\/shinad.vn\\\/index.php\\\/giai-phap-the-nhua\\\/#breadcrumb\",\"itemListElement\":[{\"@type\":\"ListItem\",\"position\":1,\"name\":\"Trang ch\u1ee7\",\"item\":\"https:\\\/\\\/shinad.vn\\\/\"},{\"@type\":\"ListItem\",\"position\":2,\"name\":\"GI\u1ea2I PH\u00c1P TH\u1eba NH\u1ef0A\"}]},{\"@type\":\"WebSite\",\"@id\":\"https:\\\/\\\/shinad.vn\\\/#website\",\"url\":\"https:\\\/\\\/shinad.vn\\\/\",\"name\":\"www.shinad.vn\",\"description\":\"\",\"publisher\":{\"@id\":\"https:\\\/\\\/shinad.vn\\\/#organization\"},\"potentialAction\":[{\"@type\":\"SearchAction\",\"target\":{\"@type\":\"EntryPoint\",\"urlTemplate\":\"https:\\\/\\\/shinad.vn\\\/?s={search_term_string}\"},\"query-input\":{\"@type\":\"PropertyValueSpecification\",\"valueRequired\":true,\"valueName\":\"search_term_string\"}}],\"inLanguage\":\"vi\"},{\"@type\":\"Organization\",\"@id\":\"https:\\\/\\\/shinad.vn\\\/#organization\",\"name\":\"C\u00f4ng ty c\u1ed5 ph\u1ea7n \u0111\u1ea7u t\u01b0 th\u01b0\u01a1ng m\u1ea1i qu\u1ea3ng c\u00e1o Shinad\",\"url\":\"https:\\\/\\\/shinad.vn\\\/\",\"logo\":{\"@type\":\"ImageObject\",\"inLanguage\":\"vi\",\"@id\":\"https:\\\/\\\/shinad.vn\\\/#\\\/schema\\\/logo\\\/image\\\/\",\"url\":\"https:\\\/\\\/i0.wp.com\\\/shinad.vn\\\/wp-content\\\/uploads\\\/2020\\\/04\\\/cropped-Logo-SHINAD-ngang-3.png?fit=378%2C101&ssl=1\",\"contentUrl\":\"https:\\\/\\\/i0.wp.com\\\/shinad.vn\\\/wp-content\\\/uploads\\\/2020\\\/04\\\/cropped-Logo-SHINAD-ngang-3.png?fit=378%2C101&ssl=1\",\"width\":378,\"height\":101,\"caption\":\"C\u00f4ng ty c\u1ed5 ph\u1ea7n \u0111\u1ea7u t\u01b0 th\u01b0\u01a1ng m\u1ea1i qu\u1ea3ng c\u00e1o Shinad\"},\"image\":{\"@id\":\"https:\\\/\\\/shinad.vn\\\/#\\\/schema\\\/logo\\\/image\\\/\"},\"sameAs\":[\"https:\\\/\\\/www.facebook.com\\\/shinad.vn\"]}]}<\/script>\n<!-- \/ Yoast SEO plugin. -->","yoast_head_json":{"title":"SHINAD I Gi\u1ea3i Ph\u00e1p In Th\u1ebb nh\u1ef1a PVC","description":"SHINAD cung c\u1ea5p tr\u1ecdn g\u00f3i gi\u1ea3i ph\u00e1p ph\u00e1t h\u00e0nh th\u1ebb nh\u1ef1a t\u1eeb t\u01b0 v\u1ea5n, thi\u1ebft k\u1ebf, s\u1ea3n xu\u1ea5t, \u0111\u1ebfn vi\u1ec7c cung c\u1ea5p m\u00e1y in th\u1ebb \u0111\u1ec3 b\u00e0n k\u00e8m v\u00e2t t\u01b0 in \u1ea5n.","robots":{"index":"index","follow":"follow","max-snippet":"max-snippet:-1","max-image-preview":"max-image-preview:large","max-video-preview":"max-video-preview:-1"},"canonical":"https:\/\/shinad.vn\/index.php\/giai-phap-the-nhua\/","og_locale":"vi_VN","og_type":"article","og_title":"SHINAD I Gi\u1ea3i Ph\u00e1p In Th\u1ebb nh\u1ef1a PVC","og_description":"SHINAD cung c\u1ea5p tr\u1ecdn g\u00f3i gi\u1ea3i ph\u00e1p ph\u00e1t h\u00e0nh th\u1ebb nh\u1ef1a t\u1eeb t\u01b0 v\u1ea5n, thi\u1ebft k\u1ebf, s\u1ea3n xu\u1ea5t, \u0111\u1ebfn vi\u1ec7c cung c\u1ea5p m\u00e1y in th\u1ebb \u0111\u1ec3 b\u00e0n k\u00e8m v\u00e2t t\u01b0 in \u1ea5n.","og_url":"https:\/\/shinad.vn\/index.php\/giai-phap-the-nhua\/","article_publisher":"https:\/\/www.facebook.com\/shinad.vn","article_modified_time":"2025-11-05T15:17:50+00:00","og_image":[{"url":"https:\/\/shinad.vn\/wp-content\/uploads\/2025\/07\/Card2-1024x558.jpg","type":"","width":"","height":""}],"twitter_card":"summary_large_image","twitter_misc":{"\u01af\u1edbc t\u00ednh th\u1eddi gian \u0111\u1ecdc":"3 ph\u00fat"},"schema":{"@context":"https:\/\/schema.org","@graph":[{"@type":"WebPage","@id":"https:\/\/shinad.vn\/index.php\/giai-phap-the-nhua\/","url":"https:\/\/shinad.vn\/index.php\/giai-phap-the-nhua\/","name":"SHINAD I Gi\u1ea3i Ph\u00e1p In Th\u1ebb nh\u1ef1a PVC","isPartOf":{"@id":"https:\/\/shinad.vn\/#website"},"primaryImageOfPage":{"@id":"https:\/\/shinad.vn\/index.php\/giai-phap-the-nhua\/#primaryimage"},"image":{"@id":"https:\/\/shinad.vn\/index.php\/giai-phap-the-nhua\/#primaryimage"},"thumbnailUrl":"https:\/\/shinad.vn\/wp-content\/uploads\/2025\/07\/Card2-1024x558.jpg","datePublished":"2019-11-02T10:29:03+00:00","dateModified":"2025-11-05T15:17:50+00:00","description":"SHINAD cung c\u1ea5p tr\u1ecdn g\u00f3i gi\u1ea3i ph\u00e1p ph\u00e1t h\u00e0nh th\u1ebb nh\u1ef1a t\u1eeb t\u01b0 v\u1ea5n, thi\u1ebft k\u1ebf, s\u1ea3n xu\u1ea5t, \u0111\u1ebfn vi\u1ec7c cung c\u1ea5p m\u00e1y in th\u1ebb \u0111\u1ec3 b\u00e0n k\u00e8m v\u00e2t t\u01b0 in \u1ea5n.","breadcrumb":{"@id":"https:\/\/shinad.vn\/index.php\/giai-phap-the-nhua\/#breadcrumb"},"inLanguage":"vi","potentialAction":[{"@type":"ReadAction","target":["https:\/\/shinad.vn\/index.php\/giai-phap-the-nhua\/"]}]},{"@type":"ImageObject","inLanguage":"vi","@id":"https:\/\/shinad.vn\/index.php\/giai-phap-the-nhua\/#primaryimage","url":"https:\/\/i0.wp.com\/shinad.vn\/wp-content\/uploads\/2025\/07\/Card2.jpg?fit=2560%2C1396&ssl=1","contentUrl":"https:\/\/i0.wp.com\/shinad.vn\/wp-content\/uploads\/2025\/07\/Card2.jpg?fit=2560%2C1396&ssl=1","width":2560,"height":1396},{"@type":"BreadcrumbList","@id":"https:\/\/shinad.vn\/index.php\/giai-phap-the-nhua\/#breadcrumb","itemListElement":[{"@type":"ListItem","position":1,"name":"Trang ch\u1ee7","item":"https:\/\/shinad.vn\/"},{"@type":"ListItem","position":2,"name":"GI\u1ea2I PH\u00c1P TH\u1eba NH\u1ef0A"}]},{"@type":"WebSite","@id":"https:\/\/shinad.vn\/#website","url":"https:\/\/shinad.vn\/","name":"www.shinad.vn","description":"","publisher":{"@id":"https:\/\/shinad.vn\/#organization"},"potentialAction":[{"@type":"SearchAction","target":{"@type":"EntryPoint","urlTemplate":"https:\/\/shinad.vn\/?s={search_term_string}"},"query-input":{"@type":"PropertyValueSpecification","valueRequired":true,"valueName":"search_term_string"}}],"inLanguage":"vi"},{"@type":"Organization","@id":"https:\/\/shinad.vn\/#organization","name":"C\u00f4ng ty c\u1ed5 ph\u1ea7n \u0111\u1ea7u t\u01b0 th\u01b0\u01a1ng m\u1ea1i qu\u1ea3ng c\u00e1o Shinad","url":"https:\/\/shinad.vn\/","logo":{"@type":"ImageObject","inLanguage":"vi","@id":"https:\/\/shinad.vn\/#\/schema\/logo\/image\/","url":"https:\/\/i0.wp.com\/shinad.vn\/wp-content\/uploads\/2020\/04\/cropped-Logo-SHINAD-ngang-3.png?fit=378%2C101&ssl=1","contentUrl":"https:\/\/i0.wp.com\/shinad.vn\/wp-content\/uploads\/2020\/04\/cropped-Logo-SHINAD-ngang-3.png?fit=378%2C101&ssl=1","width":378,"height":101,"caption":"C\u00f4ng ty c\u1ed5 ph\u1ea7n \u0111\u1ea7u t\u01b0 th\u01b0\u01a1ng m\u1ea1i qu\u1ea3ng c\u00e1o Shinad"},"image":{"@id":"https:\/\/shinad.vn\/#\/schema\/logo\/image\/"},"sameAs":["https:\/\/www.facebook.com\/shinad.vn"]}]}},"jetpack_sharing_enabled":true,"_links":{"self":[{"href":"https:\/\/shinad.vn\/index.php\/wp-json\/wp\/v2\/pages\/27","targetHints":{"allow":["GET"]}}],"collection":[{"href":"https:\/\/shinad.vn\/index.php\/wp-json\/wp\/v2\/pages"}],"about":[{"href":"https:\/\/shinad.vn\/index.php\/wp-json\/wp\/v2\/types\/page"}],"author":[{"embeddable":true,"href":"https:\/\/shinad.vn\/index.php\/wp-json\/wp\/v2\/users\/1"}],"replies":[{"embeddable":true,"href":"https:\/\/shinad.vn\/index.php\/wp-json\/wp\/v2\/comments?post=27"}],"version-history":[{"count":70,"href":"https:\/\/shinad.vn\/index.php\/wp-json\/wp\/v2\/pages\/27\/revisions"}],"predecessor-version":[{"id":2896,"href":"https:\/\/shinad.vn\/index.php\/wp-json\/wp\/v2\/pages\/27\/revisions\/2896"}],"wp:attachment":[{"href":"https:\/\/shinad.vn\/index.php\/wp-json\/wp\/v2\/media?parent=27"}],"curies":[{"name":"wp","href":"https:\/\/api.w.org\/{rel}","templated":true}]}}