{"id":26,"date":"2019-11-02T17:29:03","date_gmt":"2019-11-02T10:29:03","guid":{"rendered":"http:\/\/shinad.vn\/?page_id=26"},"modified":"2026-01-23T09:12:48","modified_gmt":"2026-01-23T02:12:48","slug":"lien-he","status":"publish","type":"page","link":"https:\/\/shinad.vn\/index.php\/ve-shinad\/lien-he\/","title":{"rendered":"Li\u00ean H\u1ec7"},"content":{"rendered":"\t\t<div data-elementor-type=\"wp-page\" data-elementor-id=\"26\" class=\"elementor elementor-26\">\n\t\t\t\t\t\t<section class=\"elementor-section elementor-top-section elementor-element elementor-element-ff5ad17 elementor-section-boxed elementor-section-height-default elementor-section-height-default\" data-id=\"ff5ad17\" data-element_type=\"section\" data-e-type=\"section\">\n\t\t\t\t\t\t<div class=\"elementor-container elementor-column-gap-default\">\n\t\t\t\t\t<div class=\"elementor-column elementor-col-100 elementor-top-column elementor-element elementor-element-3653c9f\" data-id=\"3653c9f\" data-element_type=\"column\" data-e-type=\"column\">\n\t\t\t<div class=\"elementor-widget-wrap elementor-element-populated\">\n\t\t\t\t\t\t<div class=\"elementor-element elementor-element-05f5399 elementor-widget elementor-widget-heading\" data-id=\"05f5399\" data-element_type=\"widget\" data-e-type=\"widget\" data-widget_type=\"heading.default\">\n\t\t\t\t<div class=\"elementor-widget-container\">\n\t\t\t\t\t<h2 class=\"elementor-heading-title elementor-size-default\"><em style=\"font-size: 18px;white-space: normal\"><strong>M\u1ecdi nhu c\u1ea7u v\u00e0 th\u1eafc m\u1eafc, Qu\u00fd kh\u00e1ch h\u00e0ng vui l\u00f2ng li\u00ean h\u1ec7 v\u1edbi ch\u00fang t\u00f4i theo th\u00f4ng tin c\u00f4ng ty b\u00ean d\u01b0\u1edbi, ch\u00fang t\u00f4i s\u1ebd li\u00ean h\u1ec7 v\u00e0 ph\u1ea3n h\u1ed3i nhanh nh\u1ea5t.<\/strong><\/em><\/h2>\t\t\t\t<\/div>\n\t\t\t\t<\/div>\n\t\t\t\t\t<\/div>\n\t\t<\/div>\n\t\t\t\t\t<\/div>\n\t\t<\/section>\n\t\t\t\t<section class=\"elementor-section elementor-top-section elementor-element elementor-element-f7844ff elementor-section-boxed elementor-section-height-default elementor-section-height-default\" data-id=\"f7844ff\" data-element_type=\"section\" data-e-type=\"section\">\n\t\t\t\t\t\t<div class=\"elementor-container elementor-column-gap-default\">\n\t\t\t\t\t<div class=\"elementor-column elementor-col-100 elementor-top-column elementor-element elementor-element-e2d40dd\" data-id=\"e2d40dd\" data-element_type=\"column\" data-e-type=\"column\">\n\t\t\t<div class=\"elementor-widget-wrap elementor-element-populated\">\n\t\t\t\t\t\t<div class=\"elementor-element elementor-element-d912345 elementor-widget elementor-widget-google_maps\" data-id=\"d912345\" data-element_type=\"widget\" data-e-type=\"widget\" data-widget_type=\"google_maps.default\">\n\t\t\t\t<div class=\"elementor-widget-container\">\n\t\t\t\t\t\t\t<div class=\"elementor-custom-embed\">\n\t\t\t<iframe loading=\"lazy\"\n\t\t\t\t\tsrc=\"https:\/\/maps.google.com\/maps?q=C%C3%B4ng%20ty%20c%E1%BB%95%20ph%E1%BA%A7n%20%C4%91%E1%BA%A7u%20t%C6%B0%20th%C6%B0%C6%A1ng%20m%E1%BA%A1i%20Qu%E1%BA%A3ng%20c%C3%A1o%20Shinad&#038;t=m&#038;z=15&#038;output=embed&#038;iwloc=near\"\n\t\t\t\t\ttitle=\"C\u00f4ng ty c\u1ed5 ph\u1ea7n \u0111\u1ea7u t\u01b0 th\u01b0\u01a1ng m\u1ea1i Qu\u1ea3ng c\u00e1o Shinad\"\n\t\t\t\t\taria-label=\"C\u00f4ng ty c\u1ed5 ph\u1ea7n \u0111\u1ea7u t\u01b0 th\u01b0\u01a1ng m\u1ea1i Qu\u1ea3ng c\u00e1o Shinad\"\n\t\t\t><\/iframe>\n\t\t<\/div>\n\t\t\t\t\t\t<\/div>\n\t\t\t\t<\/div>\n\t\t\t\t<div class=\"elementor-element elementor-element-c37ecba elementor-widget elementor-widget-text-editor\" data-id=\"c37ecba\" data-element_type=\"widget\" data-e-type=\"widget\" data-widget_type=\"text-editor.default\">\n\t\t\t\t<div class=\"elementor-widget-container\">\n\t\t\t\t\t\t\t\t\t<p><strong style=\"color: #ff0000;\">C\u00d4NG TY C\u1ed4 PH\u1ea6N \u0110\u1ea6U T\u01af TH\u01af\u01a0NG M\u1ea0I QU\u1ea2NG C\u00c1O SHINAD<\/strong><br \/><strong style=\"color: #ff0000;\">\u0110\u1ecba ch\u1ec9:<\/strong><span style=\"color: #ff0000;\"> 53 T\u00e2n Qu\u00fd, Ph\u01b0\u1eddng T\u00e2n S\u01a1n Nh\u00ec, TP H\u1ed3 Ch\u00ed Minh<\/span><br \/><b style=\"font-size: inherit; color: #ff0000;\">VPKD:<\/b><span style=\"font-size: inherit; color: #ff0000;\"> 23 \u0110\u01b0\u1eddng s\u1ed1 7, Cityland Center, Ph\u01b0\u1eddng H\u1ea1nh Th\u00f4ng, TP H\u1ed3 Ch\u00ed Minh\u00a0<\/span><br \/><strong style=\"color: #ff0000;\">Hotline\/ Zalo:<\/strong><span style=\"color: #ff0000;\"> 08.3388.9788 (Gifts &amp; POSM)<br \/><\/span><strong style=\"color: #ff0000;\">Hotline\/ Zalo:<\/strong><span style=\"color: #ff0000;\">\u00a00987.154.474 (Gi\u1ea3i ph\u00e1p &amp; Thi\u1ebft b\u1ecb v\u0103n ph\u00f2ng)<\/span><br \/><strong style=\"color: #ff0000;\">Email:<\/strong><span style=\"color: #ff0000;\"> sales@shinad.vn<\/span><br \/><strong><span style=\"color: #ff0000;\">Facebook: <\/span><\/strong><span style=\"color: #ff0000;\">Shinad Advertising JSC<\/span><br \/><strong style=\"color: #ff0000;\">Gi\u1edd l\u00e0m vi\u1ec7c:<\/strong><span style=\"color: #ff0000;\"> Th\u1ee9 2 &#8211; Th\u1ee9 7, 8:00 &#8211; 17:00<\/span><\/p>\t\t\t\t\t\t\t\t<\/div>\n\t\t\t\t<\/div>\n\t\t\t\t\t<\/div>\n\t\t<\/div>\n\t\t\t\t\t<\/div>\n\t\t<\/section>\n\t\t\t\t<\/div>\n\t\t","protected":false},"excerpt":{"rendered":"<p>M\u1ecdi nhu c\u1ea7u v\u00e0 th\u1eafc m\u1eafc, Qu\u00fd kh\u00e1ch h\u00e0ng vui l\u00f2ng li\u00ean h\u1ec7 v\u1edbi ch\u00fang t\u00f4i theo th\u00f4ng tin c\u00f4ng ty b\u00ean d\u01b0\u1edbi, ch\u00fang t\u00f4i s\u1ebd li\u00ean h\u1ec7 v\u00e0 ph\u1ea3n h\u1ed3i nhanh nh\u1ea5t. C\u00d4NG TY C\u1ed4 PH\u1ea6N \u0110\u1ea6U T\u01af TH\u01af\u01a0NG M\u1ea0I QU\u1ea2NG C\u00c1O SHINAD\u0110\u1ecba ch\u1ec9: 53 T\u00e2n Qu\u00fd, Ph\u01b0\u1eddng T\u00e2n [&hellip;]<\/p>\n","protected":false},"author":1,"featured_media":0,"parent":185,"menu_order":0,"comment_status":"closed","ping_status":"closed","template":"","meta":{"footnotes":""},"class_list":["post-26","page","type-page","status-publish","hentry"],"yoast_head":"<!-- This site is optimized with the Yoast SEO plugin v27.4 - https:\/\/yoast.com\/product\/yoast-seo-wordpress\/ -->\n<title>Li\u00ean H\u1ec7<\/title>\n<meta name=\"description\" content=\"Vui l\u00f2ng li\u00ean h\u1ec7 Shinad JSC qua \u0111\u1ecba ch\u1ec9 email: info@shinad.vn, ho\u1eb7c s\u1ed1 \u0111i\u1ec7n tho\u1ea1i tr\u00ean website c\u00f4ng ty.\" \/>\n<meta name=\"robots\" content=\"index, follow, max-snippet:-1, max-image-preview:large, max-video-preview:-1\" \/>\n<link rel=\"canonical\" href=\"https:\/\/shinad.vn\/index.php\/ve-shinad\/lien-he\/\" \/>\n<meta property=\"og:locale\" content=\"vi_VN\" \/>\n<meta property=\"og:type\" content=\"article\" \/>\n<meta property=\"og:title\" content=\"Li\u00ean H\u1ec7\" \/>\n<meta property=\"og:description\" content=\"Vui l\u00f2ng li\u00ean h\u1ec7 Shinad JSC qua \u0111\u1ecba ch\u1ec9 email: info@shinad.vn, ho\u1eb7c s\u1ed1 \u0111i\u1ec7n tho\u1ea1i tr\u00ean website c\u00f4ng ty.\" \/>\n<meta property=\"og:url\" content=\"https:\/\/shinad.vn\/index.php\/ve-shinad\/lien-he\/\" \/>\n<meta property=\"article:publisher\" content=\"https:\/\/www.facebook.com\/shinad.vn\" \/>\n<meta property=\"article:modified_time\" content=\"2026-01-23T02:12:48+00:00\" \/>\n<meta name=\"twitter:card\" content=\"summary_large_image\" \/>\n<meta name=\"twitter:label1\" content=\"\u01af\u1edbc t\u00ednh th\u1eddi gian \u0111\u1ecdc\" \/>\n\t<meta name=\"twitter:data1\" content=\"1 ph\u00fat\" \/>\n<script type=\"application\/ld+json\" class=\"yoast-schema-graph\">{\"@context\":\"https:\\\/\\\/schema.org\",\"@graph\":[{\"@type\":\"WebPage\",\"@id\":\"https:\\\/\\\/shinad.vn\\\/index.php\\\/ve-shinad\\\/lien-he\\\/\",\"url\":\"https:\\\/\\\/shinad.vn\\\/index.php\\\/ve-shinad\\\/lien-he\\\/\",\"name\":\"Li\u00ean H\u1ec7\",\"isPartOf\":{\"@id\":\"https:\\\/\\\/shinad.vn\\\/#website\"},\"datePublished\":\"2019-11-02T10:29:03+00:00\",\"dateModified\":\"2026-01-23T02:12:48+00:00\",\"description\":\"Vui l\u00f2ng li\u00ean h\u1ec7 Shinad JSC qua \u0111\u1ecba ch\u1ec9 email: info@shinad.vn, ho\u1eb7c s\u1ed1 \u0111i\u1ec7n tho\u1ea1i tr\u00ean website c\u00f4ng ty.\",\"breadcrumb\":{\"@id\":\"https:\\\/\\\/shinad.vn\\\/index.php\\\/ve-shinad\\\/lien-he\\\/#breadcrumb\"},\"inLanguage\":\"vi\",\"potentialAction\":[{\"@type\":\"ReadAction\",\"target\":[\"https:\\\/\\\/shinad.vn\\\/index.php\\\/ve-shinad\\\/lien-he\\\/\"]}]},{\"@type\":\"BreadcrumbList\",\"@id\":\"https:\\\/\\\/shinad.vn\\\/index.php\\\/ve-shinad\\\/lien-he\\\/#breadcrumb\",\"itemListElement\":[{\"@type\":\"ListItem\",\"position\":1,\"name\":\"Trang ch\u1ee7\",\"item\":\"https:\\\/\\\/shinad.vn\\\/\"},{\"@type\":\"ListItem\",\"position\":2,\"name\":\"V\u1ec0 SHINAD\",\"item\":\"https:\\\/\\\/shinad.vn\\\/index.php\\\/ve-shinad\\\/\"},{\"@type\":\"ListItem\",\"position\":3,\"name\":\"Li\u00ean H\u1ec7\"}]},{\"@type\":\"WebSite\",\"@id\":\"https:\\\/\\\/shinad.vn\\\/#website\",\"url\":\"https:\\\/\\\/shinad.vn\\\/\",\"name\":\"www.shinad.vn\",\"description\":\"\",\"publisher\":{\"@id\":\"https:\\\/\\\/shinad.vn\\\/#organization\"},\"potentialAction\":[{\"@type\":\"SearchAction\",\"target\":{\"@type\":\"EntryPoint\",\"urlTemplate\":\"https:\\\/\\\/shinad.vn\\\/?s={search_term_string}\"},\"query-input\":{\"@type\":\"PropertyValueSpecification\",\"valueRequired\":true,\"valueName\":\"search_term_string\"}}],\"inLanguage\":\"vi\"},{\"@type\":\"Organization\",\"@id\":\"https:\\\/\\\/shinad.vn\\\/#organization\",\"name\":\"C\u00f4ng ty c\u1ed5 ph\u1ea7n \u0111\u1ea7u t\u01b0 th\u01b0\u01a1ng m\u1ea1i qu\u1ea3ng c\u00e1o Shinad\",\"url\":\"https:\\\/\\\/shinad.vn\\\/\",\"logo\":{\"@type\":\"ImageObject\",\"inLanguage\":\"vi\",\"@id\":\"https:\\\/\\\/shinad.vn\\\/#\\\/schema\\\/logo\\\/image\\\/\",\"url\":\"https:\\\/\\\/i0.wp.com\\\/shinad.vn\\\/wp-content\\\/uploads\\\/2020\\\/04\\\/cropped-Logo-SHINAD-ngang-3.png?fit=378%2C101&ssl=1\",\"contentUrl\":\"https:\\\/\\\/i0.wp.com\\\/shinad.vn\\\/wp-content\\\/uploads\\\/2020\\\/04\\\/cropped-Logo-SHINAD-ngang-3.png?fit=378%2C101&ssl=1\",\"width\":378,\"height\":101,\"caption\":\"C\u00f4ng ty c\u1ed5 ph\u1ea7n \u0111\u1ea7u t\u01b0 th\u01b0\u01a1ng m\u1ea1i qu\u1ea3ng c\u00e1o Shinad\"},\"image\":{\"@id\":\"https:\\\/\\\/shinad.vn\\\/#\\\/schema\\\/logo\\\/image\\\/\"},\"sameAs\":[\"https:\\\/\\\/www.facebook.com\\\/shinad.vn\"]}]}<\/script>\n<!-- \/ Yoast SEO plugin. -->","yoast_head_json":{"title":"Li\u00ean H\u1ec7","description":"Vui l\u00f2ng li\u00ean h\u1ec7 Shinad JSC qua \u0111\u1ecba ch\u1ec9 email: info@shinad.vn, ho\u1eb7c s\u1ed1 \u0111i\u1ec7n tho\u1ea1i tr\u00ean website c\u00f4ng ty.","robots":{"index":"index","follow":"follow","max-snippet":"max-snippet:-1","max-image-preview":"max-image-preview:large","max-video-preview":"max-video-preview:-1"},"canonical":"https:\/\/shinad.vn\/index.php\/ve-shinad\/lien-he\/","og_locale":"vi_VN","og_type":"article","og_title":"Li\u00ean H\u1ec7","og_description":"Vui l\u00f2ng li\u00ean h\u1ec7 Shinad JSC qua \u0111\u1ecba ch\u1ec9 email: info@shinad.vn, ho\u1eb7c s\u1ed1 \u0111i\u1ec7n tho\u1ea1i tr\u00ean website c\u00f4ng ty.","og_url":"https:\/\/shinad.vn\/index.php\/ve-shinad\/lien-he\/","article_publisher":"https:\/\/www.facebook.com\/shinad.vn","article_modified_time":"2026-01-23T02:12:48+00:00","twitter_card":"summary_large_image","twitter_misc":{"\u01af\u1edbc t\u00ednh th\u1eddi gian \u0111\u1ecdc":"1 ph\u00fat"},"schema":{"@context":"https:\/\/schema.org","@graph":[{"@type":"WebPage","@id":"https:\/\/shinad.vn\/index.php\/ve-shinad\/lien-he\/","url":"https:\/\/shinad.vn\/index.php\/ve-shinad\/lien-he\/","name":"Li\u00ean H\u1ec7","isPartOf":{"@id":"https:\/\/shinad.vn\/#website"},"datePublished":"2019-11-02T10:29:03+00:00","dateModified":"2026-01-23T02:12:48+00:00","description":"Vui l\u00f2ng li\u00ean h\u1ec7 Shinad JSC qua \u0111\u1ecba ch\u1ec9 email: info@shinad.vn, ho\u1eb7c s\u1ed1 \u0111i\u1ec7n tho\u1ea1i tr\u00ean website c\u00f4ng ty.","breadcrumb":{"@id":"https:\/\/shinad.vn\/index.php\/ve-shinad\/lien-he\/#breadcrumb"},"inLanguage":"vi","potentialAction":[{"@type":"ReadAction","target":["https:\/\/shinad.vn\/index.php\/ve-shinad\/lien-he\/"]}]},{"@type":"BreadcrumbList","@id":"https:\/\/shinad.vn\/index.php\/ve-shinad\/lien-he\/#breadcrumb","itemListElement":[{"@type":"ListItem","position":1,"name":"Trang ch\u1ee7","item":"https:\/\/shinad.vn\/"},{"@type":"ListItem","position":2,"name":"V\u1ec0 SHINAD","item":"https:\/\/shinad.vn\/index.php\/ve-shinad\/"},{"@type":"ListItem","position":3,"name":"Li\u00ean H\u1ec7"}]},{"@type":"WebSite","@id":"https:\/\/shinad.vn\/#website","url":"https:\/\/shinad.vn\/","name":"www.shinad.vn","description":"","publisher":{"@id":"https:\/\/shinad.vn\/#organization"},"potentialAction":[{"@type":"SearchAction","target":{"@type":"EntryPoint","urlTemplate":"https:\/\/shinad.vn\/?s={search_term_string}"},"query-input":{"@type":"PropertyValueSpecification","valueRequired":true,"valueName":"search_term_string"}}],"inLanguage":"vi"},{"@type":"Organization","@id":"https:\/\/shinad.vn\/#organization","name":"C\u00f4ng ty c\u1ed5 ph\u1ea7n \u0111\u1ea7u t\u01b0 th\u01b0\u01a1ng m\u1ea1i qu\u1ea3ng c\u00e1o Shinad","url":"https:\/\/shinad.vn\/","logo":{"@type":"ImageObject","inLanguage":"vi","@id":"https:\/\/shinad.vn\/#\/schema\/logo\/image\/","url":"https:\/\/i0.wp.com\/shinad.vn\/wp-content\/uploads\/2020\/04\/cropped-Logo-SHINAD-ngang-3.png?fit=378%2C101&ssl=1","contentUrl":"https:\/\/i0.wp.com\/shinad.vn\/wp-content\/uploads\/2020\/04\/cropped-Logo-SHINAD-ngang-3.png?fit=378%2C101&ssl=1","width":378,"height":101,"caption":"C\u00f4ng ty c\u1ed5 ph\u1ea7n \u0111\u1ea7u t\u01b0 th\u01b0\u01a1ng m\u1ea1i qu\u1ea3ng c\u00e1o Shinad"},"image":{"@id":"https:\/\/shinad.vn\/#\/schema\/logo\/image\/"},"sameAs":["https:\/\/www.facebook.com\/shinad.vn"]}]}},"jetpack_sharing_enabled":true,"_links":{"self":[{"href":"https:\/\/shinad.vn\/index.php\/wp-json\/wp\/v2\/pages\/26","targetHints":{"allow":["GET"]}}],"collection":[{"href":"https:\/\/shinad.vn\/index.php\/wp-json\/wp\/v2\/pages"}],"about":[{"href":"https:\/\/shinad.vn\/index.php\/wp-json\/wp\/v2\/types\/page"}],"author":[{"embeddable":true,"href":"https:\/\/shinad.vn\/index.php\/wp-json\/wp\/v2\/users\/1"}],"replies":[{"embeddable":true,"href":"https:\/\/shinad.vn\/index.php\/wp-json\/wp\/v2\/comments?post=26"}],"version-history":[{"count":137,"href":"https:\/\/shinad.vn\/index.php\/wp-json\/wp\/v2\/pages\/26\/revisions"}],"predecessor-version":[{"id":3156,"href":"https:\/\/shinad.vn\/index.php\/wp-json\/wp\/v2\/pages\/26\/revisions\/3156"}],"up":[{"embeddable":true,"href":"https:\/\/shinad.vn\/index.php\/wp-json\/wp\/v2\/pages\/185"}],"wp:attachment":[{"href":"https:\/\/shinad.vn\/index.php\/wp-json\/wp\/v2\/media?parent=26"}],"curies":[{"name":"wp","href":"https:\/\/api.w.org\/{rel}","templated":true}]}}