{"id":1967,"date":"2022-08-17T13:24:14","date_gmt":"2022-08-17T06:24:14","guid":{"rendered":"https:\/\/shinad.vn\/?page_id=1967"},"modified":"2024-12-03T10:51:20","modified_gmt":"2024-12-03T03:51:20","slug":"thiet-ke-sang-tao","status":"publish","type":"page","link":"https:\/\/shinad.vn\/index.php\/thiet-ke-sang-tao\/","title":{"rendered":"Thi\u1ebft K\u1ebf &#8211; S\u00e1ng T\u1ea1o"},"content":{"rendered":"\n<p class=\"has-text-align-justify\"><em>\u201cThi\u1ebft k\u1ebf l\u00e0 linh h\u1ed3n c\u1ee7a m\u1ecdi s\u00e1ng t\u1ea1o c\u1ee7a con ng\u01b0\u1eddi, m\u00e0 nh\u1eefng l\u1edbp b\u1ec1 ngo\u00e0i t\u1ea1o ra s\u1ea3n ph\u1ea9m hay d\u1ecbch v\u1ee5 ch\u1ec9 l\u00e0 s\u1ef1 th\u1ec3 hi\u1ec7n cu\u1ed1i c\u00f9ng c\u1ee7a n\u00f3\u201d.<\/em> <strong>Steve Jobs<\/strong><\/p>\n\n\n\n<div class=\"wp-block-columns is-layout-flex wp-container-core-columns-is-layout-28f84493 wp-block-columns-is-layout-flex\">\n<div class=\"wp-block-column is-layout-flow wp-block-column-is-layout-flow\">\n<figure class=\"wp-block-image size-large\"><img data-recalc-dims=\"1\" fetchpriority=\"high\" decoding=\"async\" width=\"750\" height=\"268\" data-attachment-id=\"1982\" data-permalink=\"https:\/\/shinad.vn\/index.php\/thiet-ke-sang-tao\/nyfa-graphic-design-1400x500-1\/\" data-orig-file=\"https:\/\/i0.wp.com\/shinad.vn\/wp-content\/uploads\/2022\/08\/nyfa-graphic-design-1400x500-1.jpg?fit=1400%2C500&amp;ssl=1\" data-orig-size=\"1400,500\" data-comments-opened=\"1\" data-image-meta=\"{&quot;aperture&quot;:&quot;0&quot;,&quot;credit&quot;:&quot;&quot;,&quot;camera&quot;:&quot;&quot;,&quot;caption&quot;:&quot;&quot;,&quot;created_timestamp&quot;:&quot;0&quot;,&quot;copyright&quot;:&quot;&quot;,&quot;focal_length&quot;:&quot;0&quot;,&quot;iso&quot;:&quot;0&quot;,&quot;shutter_speed&quot;:&quot;0&quot;,&quot;title&quot;:&quot;&quot;,&quot;orientation&quot;:&quot;0&quot;}\" data-image-title=\"nyfa-graphic-design-1400&amp;#215;500-1\" data-image-description=\"\" data-image-caption=\"\" data-large-file=\"https:\/\/i0.wp.com\/shinad.vn\/wp-content\/uploads\/2022\/08\/nyfa-graphic-design-1400x500-1.jpg?fit=750%2C268&amp;ssl=1\" src=\"https:\/\/i0.wp.com\/shinad.vn\/wp-content\/uploads\/2022\/08\/nyfa-graphic-design-1400x500-1.jpg?resize=750%2C268&#038;ssl=1\" alt=\"\" class=\"wp-image-1982\" srcset=\"https:\/\/i0.wp.com\/shinad.vn\/wp-content\/uploads\/2022\/08\/nyfa-graphic-design-1400x500-1.jpg?resize=1024%2C366&amp;ssl=1 1024w, https:\/\/i0.wp.com\/shinad.vn\/wp-content\/uploads\/2022\/08\/nyfa-graphic-design-1400x500-1.jpg?resize=300%2C107&amp;ssl=1 300w, https:\/\/i0.wp.com\/shinad.vn\/wp-content\/uploads\/2022\/08\/nyfa-graphic-design-1400x500-1.jpg?resize=768%2C274&amp;ssl=1 768w, https:\/\/i0.wp.com\/shinad.vn\/wp-content\/uploads\/2022\/08\/nyfa-graphic-design-1400x500-1.jpg?w=1400&amp;ssl=1 1400w\" sizes=\"(max-width: 750px) 100vw, 750px\" \/><\/figure>\n<\/div>\n<\/div>\n\n\n\n<p class=\"has-text-align-justify\">Kh\u00f4ng ch\u1ec9 l\u00e0 nh\u1eefng thi\u1ebft k\u1ebf \u0111\u1ec3 ph\u1ee5c v\u1ee5 cho vi\u1ec7c kinh doanh, ch\u00fang c\u00f2n c\u00f3 ch\u1ee9c n\u0103ng truy\u1ec1n t\u1ea3i th\u00f4ng \u0111i\u1ec7p c\u1ee7a doanh nghi\u1ec7p \u0111\u1ebfn nh\u1eefng kh\u00e1ch h\u00e0ng v\u00e0 kh\u00e1ch h\u00e0ng ti\u1ec1m n\u0103ng m\u1ed9t c\u00e1ch r\u00f5 r\u00e0ng v\u00e0 \u0111\u01a1n gi\u1ea3n nh\u1ea5t.<\/p>\n\n\n\n<p class=\"has-text-align-justify\">M\u1ed7i thi\u1ebft k\u1ebf m\u00e0 SHINAD l\u00e0m ra \u0111\u1ec1u l\u00e0 nh\u1eefng s\u1ea3n ph\u1ea9m ch\u1ea5t l\u01b0\u1ee3ng, phong c\u00e1ch thi\u1ebft k\u1ebf \u0111a d\u1ea1ng, r\u00f5 r\u00e0ng v\u1ec1 n\u1ed9i dung, nh\u01b0ng t\u1ea5t c\u1ea3 \u0111\u1ec1u mang m\u1ee5c \u0111\u00edch t\u1ed1i quan tr\u1ecdng l\u00e0 mang th\u00f4ng \u0111i\u1ec7p \u0111\u00fang \u0111\u1ebfn kh\u00e1ch h\u00e0ng.<\/p>\n\n\n\n<p>C\u00e1c g\u00f3i Thi\u1ebft k\u1ebf &#8211; S\u00e1ng t\u1ea1o t\u1ea1i SHINAD bao g\u1ed3m:<\/p>\n\n\n\n<ul class=\"wp-block-list\"><li><strong>Thi\u1ebft k\u1ebf th\u01b0\u01a1ng hi\u1ec7u: <\/strong>Th\u01b0\u01a1ng hi\u1ec7u kh\u00f4ng ch\u1ec9 l\u00e0 logo, m\u00e0u s\u1eafc, slogan\u2026 m\u00e0 ch\u00fang c\u0169ng \u0111\u01b0\u1ee3c nh\u00e2n c\u00e1ch ho\u00e1 v\u00e0 c\u00f3 nh\u1eefng \u0111\u1eb7c t\u00ednh ri\u00eang, ngo\u00e0i ra s\u00e1ng t\u1ea1o th\u01b0\u01a1ng hi\u1ec7u \u0111\u1ed1i v\u1edbi SHINAD l\u00e0 l\u00e0m cho m\u1ed9t c\u00e1i \u201chi\u1ec7u\u201d \u0111\u01b0\u1ee3c \u201cth\u01b0\u01a1ng\u201d trong t\u00e2m tr\u00ed kh\u00e1ch h\u00e0ng.<\/li><li><strong>Thi\u1ebft k\u1ebf \u1ea5n ph\u1ea9m qu\u1ea3ng c\u00e1o: <\/strong>Thi\u1ebft k\u1ebf t\u00fai gi\u1ea5y, t\u00fai v\u1ea3i; thi\u1ebft k\u1ebf in \u1ea5n tr\u00ean qu\u00e0 t\u1eb7ng khuy\u1ebfn m\u00e3i, thi\u1ebft k\u1ebf in \u1ea5n tr\u00ean qu\u00e0 t\u1eb7ng kh\u00e1ch h\u00e0ng, thi\u1ebft k\u1ebf in \u1ea5n qu\u00e0 t\u1eb7ng qu\u1ea3ng c\u00e1o, &#8230;<\/li><li><strong>Thi\u1ebft k\u1ebf \u1ea5n ph\u1ea9m v\u0103n ph\u00f2ng:<\/strong> Thi\u1ebft k\u1ebf danh thi\u1ebfp, phong b\u00ec th\u01b0, b\u00eca k\u1eb9p h\u1ed3 s\u01a1, brochure, catalogue, &#8230;<\/li><\/ul>\n","protected":false},"excerpt":{"rendered":"<p>\u201cThi\u1ebft k\u1ebf l\u00e0 linh h\u1ed3n c\u1ee7a m\u1ecdi s\u00e1ng t\u1ea1o c\u1ee7a con ng\u01b0\u1eddi, m\u00e0 nh\u1eefng l\u1edbp b\u1ec1 ngo\u00e0i t\u1ea1o ra s\u1ea3n ph\u1ea9m hay d\u1ecbch v\u1ee5 ch\u1ec9 l\u00e0 s\u1ef1 th\u1ec3 hi\u1ec7n cu\u1ed1i c\u00f9ng c\u1ee7a n\u00f3\u201d. Steve Jobs Kh\u00f4ng ch\u1ec9 l\u00e0 nh\u1eefng thi\u1ebft k\u1ebf \u0111\u1ec3 ph\u1ee5c v\u1ee5 cho vi\u1ec7c kinh doanh, ch\u00fang c\u00f2n [&hellip;]<\/p>\n","protected":false},"author":1,"featured_media":0,"parent":0,"menu_order":0,"comment_status":"closed","ping_status":"closed","template":"","meta":{"footnotes":""},"class_list":["post-1967","page","type-page","status-publish","hentry"],"yoast_head":"<!-- This site is optimized with the Yoast SEO plugin v27.4 - https:\/\/yoast.com\/product\/yoast-seo-wordpress\/ -->\n<title>Thi\u1ebft K\u1ebf - S\u00e1ng T\u1ea1o<\/title>\n<meta name=\"description\" content=\"\u201cThi\u1ebft k\u1ebf l\u00e0 linh h\u1ed3n c\u1ee7a m\u1ecdi s\u00e1ng t\u1ea1o c\u1ee7a con ng\u01b0\u1eddi, m\u00e0 nh\u1eefng l\u1edbp b\u1ec1 ngo\u00e0i t\u1ea1o ra s\u1ea3n ph\u1ea9m hay d\u1ecbch v\u1ee5 ch\u1ec9 l\u00e0 s\u1ef1 th\u1ec3 hi\u1ec7n cu\u1ed1i c\u00f9ng c\u1ee7a n\u00f3\u201d.\" \/>\n<meta name=\"robots\" content=\"index, follow, max-snippet:-1, max-image-preview:large, max-video-preview:-1\" \/>\n<link rel=\"canonical\" href=\"https:\/\/shinad.vn\/index.php\/thiet-ke-sang-tao\/\" \/>\n<meta property=\"og:locale\" content=\"vi_VN\" \/>\n<meta property=\"og:type\" content=\"article\" \/>\n<meta property=\"og:title\" content=\"Thi\u1ebft K\u1ebf - S\u00e1ng T\u1ea1o\" \/>\n<meta property=\"og:description\" content=\"\u201cThi\u1ebft k\u1ebf l\u00e0 linh h\u1ed3n c\u1ee7a m\u1ecdi s\u00e1ng t\u1ea1o c\u1ee7a con ng\u01b0\u1eddi, m\u00e0 nh\u1eefng l\u1edbp b\u1ec1 ngo\u00e0i t\u1ea1o ra s\u1ea3n ph\u1ea9m hay d\u1ecbch v\u1ee5 ch\u1ec9 l\u00e0 s\u1ef1 th\u1ec3 hi\u1ec7n cu\u1ed1i c\u00f9ng c\u1ee7a n\u00f3\u201d.\" \/>\n<meta property=\"og:url\" content=\"https:\/\/shinad.vn\/index.php\/thiet-ke-sang-tao\/\" \/>\n<meta property=\"article:publisher\" content=\"https:\/\/www.facebook.com\/shinad.vn\" \/>\n<meta property=\"article:modified_time\" content=\"2024-12-03T03:51:20+00:00\" \/>\n<meta property=\"og:image\" content=\"https:\/\/shinad.vn\/wp-content\/uploads\/2022\/08\/nyfa-graphic-design-1400x500-1-1024x366.jpg\" \/>\n<meta name=\"twitter:card\" content=\"summary_large_image\" \/>\n<meta name=\"twitter:label1\" content=\"\u01af\u1edbc t\u00ednh th\u1eddi gian \u0111\u1ecdc\" \/>\n\t<meta name=\"twitter:data1\" content=\"2 ph\u00fat\" \/>\n<script type=\"application\/ld+json\" class=\"yoast-schema-graph\">{\"@context\":\"https:\\\/\\\/schema.org\",\"@graph\":[{\"@type\":\"WebPage\",\"@id\":\"https:\\\/\\\/shinad.vn\\\/index.php\\\/thiet-ke-sang-tao\\\/\",\"url\":\"https:\\\/\\\/shinad.vn\\\/index.php\\\/thiet-ke-sang-tao\\\/\",\"name\":\"Thi\u1ebft K\u1ebf - S\u00e1ng T\u1ea1o\",\"isPartOf\":{\"@id\":\"https:\\\/\\\/shinad.vn\\\/#website\"},\"primaryImageOfPage\":{\"@id\":\"https:\\\/\\\/shinad.vn\\\/index.php\\\/thiet-ke-sang-tao\\\/#primaryimage\"},\"image\":{\"@id\":\"https:\\\/\\\/shinad.vn\\\/index.php\\\/thiet-ke-sang-tao\\\/#primaryimage\"},\"thumbnailUrl\":\"https:\\\/\\\/shinad.vn\\\/wp-content\\\/uploads\\\/2022\\\/08\\\/nyfa-graphic-design-1400x500-1-1024x366.jpg\",\"datePublished\":\"2022-08-17T06:24:14+00:00\",\"dateModified\":\"2024-12-03T03:51:20+00:00\",\"description\":\"\u201cThi\u1ebft k\u1ebf l\u00e0 linh h\u1ed3n c\u1ee7a m\u1ecdi s\u00e1ng t\u1ea1o c\u1ee7a con ng\u01b0\u1eddi, m\u00e0 nh\u1eefng l\u1edbp b\u1ec1 ngo\u00e0i t\u1ea1o ra s\u1ea3n ph\u1ea9m hay d\u1ecbch v\u1ee5 ch\u1ec9 l\u00e0 s\u1ef1 th\u1ec3 hi\u1ec7n cu\u1ed1i c\u00f9ng c\u1ee7a n\u00f3\u201d.\",\"breadcrumb\":{\"@id\":\"https:\\\/\\\/shinad.vn\\\/index.php\\\/thiet-ke-sang-tao\\\/#breadcrumb\"},\"inLanguage\":\"vi\",\"potentialAction\":[{\"@type\":\"ReadAction\",\"target\":[\"https:\\\/\\\/shinad.vn\\\/index.php\\\/thiet-ke-sang-tao\\\/\"]}]},{\"@type\":\"ImageObject\",\"inLanguage\":\"vi\",\"@id\":\"https:\\\/\\\/shinad.vn\\\/index.php\\\/thiet-ke-sang-tao\\\/#primaryimage\",\"url\":\"https:\\\/\\\/i0.wp.com\\\/shinad.vn\\\/wp-content\\\/uploads\\\/2022\\\/08\\\/nyfa-graphic-design-1400x500-1.jpg?fit=1400%2C500&ssl=1\",\"contentUrl\":\"https:\\\/\\\/i0.wp.com\\\/shinad.vn\\\/wp-content\\\/uploads\\\/2022\\\/08\\\/nyfa-graphic-design-1400x500-1.jpg?fit=1400%2C500&ssl=1\",\"width\":1400,\"height\":500},{\"@type\":\"BreadcrumbList\",\"@id\":\"https:\\\/\\\/shinad.vn\\\/index.php\\\/thiet-ke-sang-tao\\\/#breadcrumb\",\"itemListElement\":[{\"@type\":\"ListItem\",\"position\":1,\"name\":\"Trang ch\u1ee7\",\"item\":\"https:\\\/\\\/shinad.vn\\\/\"},{\"@type\":\"ListItem\",\"position\":2,\"name\":\"Thi\u1ebft K\u1ebf &#8211; S\u00e1ng T\u1ea1o\"}]},{\"@type\":\"WebSite\",\"@id\":\"https:\\\/\\\/shinad.vn\\\/#website\",\"url\":\"https:\\\/\\\/shinad.vn\\\/\",\"name\":\"www.shinad.vn\",\"description\":\"\",\"publisher\":{\"@id\":\"https:\\\/\\\/shinad.vn\\\/#organization\"},\"potentialAction\":[{\"@type\":\"SearchAction\",\"target\":{\"@type\":\"EntryPoint\",\"urlTemplate\":\"https:\\\/\\\/shinad.vn\\\/?s={search_term_string}\"},\"query-input\":{\"@type\":\"PropertyValueSpecification\",\"valueRequired\":true,\"valueName\":\"search_term_string\"}}],\"inLanguage\":\"vi\"},{\"@type\":\"Organization\",\"@id\":\"https:\\\/\\\/shinad.vn\\\/#organization\",\"name\":\"C\u00f4ng ty c\u1ed5 ph\u1ea7n \u0111\u1ea7u t\u01b0 th\u01b0\u01a1ng m\u1ea1i qu\u1ea3ng c\u00e1o Shinad\",\"url\":\"https:\\\/\\\/shinad.vn\\\/\",\"logo\":{\"@type\":\"ImageObject\",\"inLanguage\":\"vi\",\"@id\":\"https:\\\/\\\/shinad.vn\\\/#\\\/schema\\\/logo\\\/image\\\/\",\"url\":\"https:\\\/\\\/i0.wp.com\\\/shinad.vn\\\/wp-content\\\/uploads\\\/2020\\\/04\\\/cropped-Logo-SHINAD-ngang-3.png?fit=378%2C101&ssl=1\",\"contentUrl\":\"https:\\\/\\\/i0.wp.com\\\/shinad.vn\\\/wp-content\\\/uploads\\\/2020\\\/04\\\/cropped-Logo-SHINAD-ngang-3.png?fit=378%2C101&ssl=1\",\"width\":378,\"height\":101,\"caption\":\"C\u00f4ng ty c\u1ed5 ph\u1ea7n \u0111\u1ea7u t\u01b0 th\u01b0\u01a1ng m\u1ea1i qu\u1ea3ng c\u00e1o Shinad\"},\"image\":{\"@id\":\"https:\\\/\\\/shinad.vn\\\/#\\\/schema\\\/logo\\\/image\\\/\"},\"sameAs\":[\"https:\\\/\\\/www.facebook.com\\\/shinad.vn\"]}]}<\/script>\n<!-- \/ Yoast SEO plugin. -->","yoast_head_json":{"title":"Thi\u1ebft K\u1ebf - S\u00e1ng T\u1ea1o","description":"\u201cThi\u1ebft k\u1ebf l\u00e0 linh h\u1ed3n c\u1ee7a m\u1ecdi s\u00e1ng t\u1ea1o c\u1ee7a con ng\u01b0\u1eddi, m\u00e0 nh\u1eefng l\u1edbp b\u1ec1 ngo\u00e0i t\u1ea1o ra s\u1ea3n ph\u1ea9m hay d\u1ecbch v\u1ee5 ch\u1ec9 l\u00e0 s\u1ef1 th\u1ec3 hi\u1ec7n cu\u1ed1i c\u00f9ng c\u1ee7a n\u00f3\u201d.","robots":{"index":"index","follow":"follow","max-snippet":"max-snippet:-1","max-image-preview":"max-image-preview:large","max-video-preview":"max-video-preview:-1"},"canonical":"https:\/\/shinad.vn\/index.php\/thiet-ke-sang-tao\/","og_locale":"vi_VN","og_type":"article","og_title":"Thi\u1ebft K\u1ebf - S\u00e1ng T\u1ea1o","og_description":"\u201cThi\u1ebft k\u1ebf l\u00e0 linh h\u1ed3n c\u1ee7a m\u1ecdi s\u00e1ng t\u1ea1o c\u1ee7a con ng\u01b0\u1eddi, m\u00e0 nh\u1eefng l\u1edbp b\u1ec1 ngo\u00e0i t\u1ea1o ra s\u1ea3n ph\u1ea9m hay d\u1ecbch v\u1ee5 ch\u1ec9 l\u00e0 s\u1ef1 th\u1ec3 hi\u1ec7n cu\u1ed1i c\u00f9ng c\u1ee7a n\u00f3\u201d.","og_url":"https:\/\/shinad.vn\/index.php\/thiet-ke-sang-tao\/","article_publisher":"https:\/\/www.facebook.com\/shinad.vn","article_modified_time":"2024-12-03T03:51:20+00:00","og_image":[{"url":"https:\/\/shinad.vn\/wp-content\/uploads\/2022\/08\/nyfa-graphic-design-1400x500-1-1024x366.jpg","type":"","width":"","height":""}],"twitter_card":"summary_large_image","twitter_misc":{"\u01af\u1edbc t\u00ednh th\u1eddi gian \u0111\u1ecdc":"2 ph\u00fat"},"schema":{"@context":"https:\/\/schema.org","@graph":[{"@type":"WebPage","@id":"https:\/\/shinad.vn\/index.php\/thiet-ke-sang-tao\/","url":"https:\/\/shinad.vn\/index.php\/thiet-ke-sang-tao\/","name":"Thi\u1ebft K\u1ebf - S\u00e1ng T\u1ea1o","isPartOf":{"@id":"https:\/\/shinad.vn\/#website"},"primaryImageOfPage":{"@id":"https:\/\/shinad.vn\/index.php\/thiet-ke-sang-tao\/#primaryimage"},"image":{"@id":"https:\/\/shinad.vn\/index.php\/thiet-ke-sang-tao\/#primaryimage"},"thumbnailUrl":"https:\/\/shinad.vn\/wp-content\/uploads\/2022\/08\/nyfa-graphic-design-1400x500-1-1024x366.jpg","datePublished":"2022-08-17T06:24:14+00:00","dateModified":"2024-12-03T03:51:20+00:00","description":"\u201cThi\u1ebft k\u1ebf l\u00e0 linh h\u1ed3n c\u1ee7a m\u1ecdi s\u00e1ng t\u1ea1o c\u1ee7a con ng\u01b0\u1eddi, m\u00e0 nh\u1eefng l\u1edbp b\u1ec1 ngo\u00e0i t\u1ea1o ra s\u1ea3n ph\u1ea9m hay d\u1ecbch v\u1ee5 ch\u1ec9 l\u00e0 s\u1ef1 th\u1ec3 hi\u1ec7n cu\u1ed1i c\u00f9ng c\u1ee7a n\u00f3\u201d.","breadcrumb":{"@id":"https:\/\/shinad.vn\/index.php\/thiet-ke-sang-tao\/#breadcrumb"},"inLanguage":"vi","potentialAction":[{"@type":"ReadAction","target":["https:\/\/shinad.vn\/index.php\/thiet-ke-sang-tao\/"]}]},{"@type":"ImageObject","inLanguage":"vi","@id":"https:\/\/shinad.vn\/index.php\/thiet-ke-sang-tao\/#primaryimage","url":"https:\/\/i0.wp.com\/shinad.vn\/wp-content\/uploads\/2022\/08\/nyfa-graphic-design-1400x500-1.jpg?fit=1400%2C500&ssl=1","contentUrl":"https:\/\/i0.wp.com\/shinad.vn\/wp-content\/uploads\/2022\/08\/nyfa-graphic-design-1400x500-1.jpg?fit=1400%2C500&ssl=1","width":1400,"height":500},{"@type":"BreadcrumbList","@id":"https:\/\/shinad.vn\/index.php\/thiet-ke-sang-tao\/#breadcrumb","itemListElement":[{"@type":"ListItem","position":1,"name":"Trang ch\u1ee7","item":"https:\/\/shinad.vn\/"},{"@type":"ListItem","position":2,"name":"Thi\u1ebft K\u1ebf &#8211; S\u00e1ng T\u1ea1o"}]},{"@type":"WebSite","@id":"https:\/\/shinad.vn\/#website","url":"https:\/\/shinad.vn\/","name":"www.shinad.vn","description":"","publisher":{"@id":"https:\/\/shinad.vn\/#organization"},"potentialAction":[{"@type":"SearchAction","target":{"@type":"EntryPoint","urlTemplate":"https:\/\/shinad.vn\/?s={search_term_string}"},"query-input":{"@type":"PropertyValueSpecification","valueRequired":true,"valueName":"search_term_string"}}],"inLanguage":"vi"},{"@type":"Organization","@id":"https:\/\/shinad.vn\/#organization","name":"C\u00f4ng ty c\u1ed5 ph\u1ea7n \u0111\u1ea7u t\u01b0 th\u01b0\u01a1ng m\u1ea1i qu\u1ea3ng c\u00e1o Shinad","url":"https:\/\/shinad.vn\/","logo":{"@type":"ImageObject","inLanguage":"vi","@id":"https:\/\/shinad.vn\/#\/schema\/logo\/image\/","url":"https:\/\/i0.wp.com\/shinad.vn\/wp-content\/uploads\/2020\/04\/cropped-Logo-SHINAD-ngang-3.png?fit=378%2C101&ssl=1","contentUrl":"https:\/\/i0.wp.com\/shinad.vn\/wp-content\/uploads\/2020\/04\/cropped-Logo-SHINAD-ngang-3.png?fit=378%2C101&ssl=1","width":378,"height":101,"caption":"C\u00f4ng ty c\u1ed5 ph\u1ea7n \u0111\u1ea7u t\u01b0 th\u01b0\u01a1ng m\u1ea1i qu\u1ea3ng c\u00e1o Shinad"},"image":{"@id":"https:\/\/shinad.vn\/#\/schema\/logo\/image\/"},"sameAs":["https:\/\/www.facebook.com\/shinad.vn"]}]}},"jetpack_sharing_enabled":true,"_links":{"self":[{"href":"https:\/\/shinad.vn\/index.php\/wp-json\/wp\/v2\/pages\/1967","targetHints":{"allow":["GET"]}}],"collection":[{"href":"https:\/\/shinad.vn\/index.php\/wp-json\/wp\/v2\/pages"}],"about":[{"href":"https:\/\/shinad.vn\/index.php\/wp-json\/wp\/v2\/types\/page"}],"author":[{"embeddable":true,"href":"https:\/\/shinad.vn\/index.php\/wp-json\/wp\/v2\/users\/1"}],"replies":[{"embeddable":true,"href":"https:\/\/shinad.vn\/index.php\/wp-json\/wp\/v2\/comments?post=1967"}],"version-history":[{"count":12,"href":"https:\/\/shinad.vn\/index.php\/wp-json\/wp\/v2\/pages\/1967\/revisions"}],"predecessor-version":[{"id":2184,"href":"https:\/\/shinad.vn\/index.php\/wp-json\/wp\/v2\/pages\/1967\/revisions\/2184"}],"wp:attachment":[{"href":"https:\/\/shinad.vn\/index.php\/wp-json\/wp\/v2\/media?parent=1967"}],"curies":[{"name":"wp","href":"https:\/\/api.w.org\/{rel}","templated":true}]}}