{"id":1315,"date":"2021-05-12T21:53:25","date_gmt":"2021-05-12T14:53:25","guid":{"rendered":"https:\/\/shinad.vn\/?page_id=1315"},"modified":"2021-05-12T21:59:33","modified_gmt":"2021-05-12T14:59:33","slug":"may-in-the-hiti-cs200e","status":"publish","type":"page","link":"https:\/\/shinad.vn\/index.php\/giai-phap-the-nhua\/may-in-the-nhua\/may-in-the-hiti-cs200e\/","title":{"rendered":"M\u00e1y in th\u1ebb Hiti &#8211; CS200e"},"content":{"rendered":"\n<div class=\"wp-block-columns is-layout-flex wp-container-core-columns-is-layout-28f84493 wp-block-columns-is-layout-flex\">\n<div class=\"wp-block-column is-layout-flow wp-block-column-is-layout-flow\" style=\"flex-basis:33.33%\">\n<div class=\"wp-block-columns is-layout-flex wp-container-core-columns-is-layout-28f84493 wp-block-columns-is-layout-flex\">\n<div class=\"wp-block-column is-layout-flow wp-block-column-is-layout-flow\" style=\"flex-basis:100%\">\n<div class=\"wp-block-jetpack-slideshow aligncenter\" data-effect=\"slide\"><div class=\"wp-block-jetpack-slideshow_container swiper-container\"><ul class=\"wp-block-jetpack-slideshow_swiper-wrapper swiper-wrapper\"><li class=\"wp-block-jetpack-slideshow_slide swiper-slide\"><figure><img data-recalc-dims=\"1\" fetchpriority=\"high\" decoding=\"async\" width=\"750\" height=\"565\" alt=\"\" class=\"wp-block-jetpack-slideshow_image wp-image-804\" data-id=\"804\" src=\"https:\/\/i0.wp.com\/shinad.vn\/wp-content\/uploads\/2021\/05\/Hiti-CS200e-1.jpg?resize=750%2C565\" srcset=\"https:\/\/i0.wp.com\/shinad.vn\/wp-content\/uploads\/2021\/05\/Hiti-CS200e-1.jpg?w=1027&amp;ssl=1 1027w, https:\/\/i0.wp.com\/shinad.vn\/wp-content\/uploads\/2021\/05\/Hiti-CS200e-1.jpg?resize=300%2C226&amp;ssl=1 300w, https:\/\/i0.wp.com\/shinad.vn\/wp-content\/uploads\/2021\/05\/Hiti-CS200e-1.jpg?resize=1024%2C771&amp;ssl=1 1024w, https:\/\/i0.wp.com\/shinad.vn\/wp-content\/uploads\/2021\/05\/Hiti-CS200e-1.jpg?resize=768%2C578&amp;ssl=1 768w\" sizes=\"(max-width: 750px) 100vw, 750px\" \/><\/figure><\/li><li class=\"wp-block-jetpack-slideshow_slide swiper-slide\"><figure><img data-recalc-dims=\"1\" decoding=\"async\" width=\"750\" height=\"750\" alt=\"\" class=\"wp-block-jetpack-slideshow_image wp-image-811\" data-id=\"811\" src=\"https:\/\/i0.wp.com\/shinad.vn\/wp-content\/uploads\/2021\/05\/Ruybang.jpg?resize=750%2C750\" srcset=\"https:\/\/i0.wp.com\/shinad.vn\/wp-content\/uploads\/2021\/05\/Ruybang.jpg?w=922&amp;ssl=1 922w, https:\/\/i0.wp.com\/shinad.vn\/wp-content\/uploads\/2021\/05\/Ruybang.jpg?resize=300%2C300&amp;ssl=1 300w, https:\/\/i0.wp.com\/shinad.vn\/wp-content\/uploads\/2021\/05\/Ruybang.jpg?resize=150%2C150&amp;ssl=1 150w, https:\/\/i0.wp.com\/shinad.vn\/wp-content\/uploads\/2021\/05\/Ruybang.jpg?resize=768%2C768&amp;ssl=1 768w\" sizes=\"(max-width: 750px) 100vw, 750px\" \/><\/figure><\/li><li class=\"wp-block-jetpack-slideshow_slide swiper-slide\"><figure><img data-recalc-dims=\"1\" decoding=\"async\" width=\"750\" height=\"515\" alt=\"\" class=\"wp-block-jetpack-slideshow_image wp-image-814\" data-id=\"814\" src=\"https:\/\/i0.wp.com\/shinad.vn\/wp-content\/uploads\/2021\/05\/The-trang.png?resize=750%2C515\" srcset=\"https:\/\/i0.wp.com\/shinad.vn\/wp-content\/uploads\/2021\/05\/The-trang.png?w=1002&amp;ssl=1 1002w, https:\/\/i0.wp.com\/shinad.vn\/wp-content\/uploads\/2021\/05\/The-trang.png?resize=300%2C206&amp;ssl=1 300w, https:\/\/i0.wp.com\/shinad.vn\/wp-content\/uploads\/2021\/05\/The-trang.png?resize=768%2C527&amp;ssl=1 768w\" sizes=\"(max-width: 750px) 100vw, 750px\" \/><\/figure><\/li><li class=\"wp-block-jetpack-slideshow_slide swiper-slide\"><figure><img data-recalc-dims=\"1\" loading=\"lazy\" decoding=\"async\" width=\"347\" height=\"466\" alt=\"\" class=\"wp-block-jetpack-slideshow_image wp-image-687\" data-id=\"687\" src=\"https:\/\/i0.wp.com\/shinad.vn\/wp-content\/uploads\/2021\/05\/MAGcard-2.png?resize=347%2C466\" srcset=\"https:\/\/i0.wp.com\/shinad.vn\/wp-content\/uploads\/2021\/05\/MAGcard-2.png?w=347&amp;ssl=1 347w, https:\/\/i0.wp.com\/shinad.vn\/wp-content\/uploads\/2021\/05\/MAGcard-2.png?resize=223%2C300&amp;ssl=1 223w\" sizes=\"(max-width: 347px) 100vw, 347px\" \/><\/figure><\/li><\/ul><a class=\"wp-block-jetpack-slideshow_button-prev swiper-button-prev swiper-button-white\" role=\"button\"><\/a><a class=\"wp-block-jetpack-slideshow_button-next swiper-button-next swiper-button-white\" role=\"button\"><\/a><a aria-label=\"Pause Slideshow\" class=\"wp-block-jetpack-slideshow_button-pause\" role=\"button\"><\/a><div class=\"wp-block-jetpack-slideshow_pagination swiper-pagination swiper-pagination-white\"><\/div><\/div><\/div>\n<\/div>\n<\/div>\n<\/div>\n\n\n\n<div class=\"wp-block-column is-vertically-aligned-center is-layout-flow wp-block-column-is-layout-flow\" style=\"flex-basis:66.66%\">\n<ul class=\"wp-block-list\" style=\"font-size:15px\"><li>H\u00e3ng S\u1ea3n Xu\u1ea5t: \u00a0Hiti CS200e<\/li><li>Xu\u1ea5t X\u1ee9:\u00a0\u00a0\u00a0\u00a0\u00a0\u00a0\u00a0\u00a0\u00a0\u00a0 \u00a0\u00a0 \u0110\u00e0i Loan<\/li><li>M\u00e3 S\u1ea3n Ph\u1ea9m:\u00a0\u00a0 \u00a0CS200e<\/li><li>C\u00f4ng ngh\u1ec7 in:\u00a0\u00a0\u00a0 \u00a0In truy\u1ec1n nhi\u1ec7t tr\u1ef1c ti\u1ebfp<\/li><li>T\u1ed1c \u0111\u1ed9 in:\u00a0\u00a0\u00a0\u00a0\u00a0\u00a0\u00a0\u00a0\u00a0 \u00a0\u00a0In m\u00e0u 150 th\u1ebb\/gi\u1edd; In \u0111\u01a1n m\u00e0u \u0111en: 643 th\u1ebb\/gi\u1edd<\/li><li>Ch\u1ee9c n\u0103ng in:      In tr\u1ef1c ti\u1ebfp 1 ho\u1eb7c 2 m\u1eb7t t\u1ef1 \u0111\u1ed9ng (t\u00f9y ch\u1ecdn n\u00e2ng c\u1ea5p)<\/li><li>K\u00edch Th\u01b0\u1edbc:\u00a0\u00a0\u00a0\u00a0\u00a0 \u00a0\u00a0\u00a0198 x 204 x 354 (mm)<\/li><li>B\u1ea3o H\u00e0nh:\u00a0\u00a0\u00a0\u00a0\u00a0\u00a0\u00a0\u00a0 \u00a0\u00a024 th\u00e1ng<\/li><\/ul>\n\n\n\n<p><strong><span class=\"has-inline-color has-accent-color\"><a href=\"http:\/\/shinad.vn\/index.php\/ve-shinad\/lien-he\/\">Li\u00ean h\u1ec7<\/a><\/span><\/strong><\/p>\n<\/div>\n<\/div>\n\n\n\n<hr class=\"wp-block-separator is-style-wide\"\/>\n\n\n\n<p><strong>T\u1ed5ng quan v\u1ec1 m\u00e1y in th\u1ebb nh\u1ef1a <strong><strong>Hiti CS200e<\/strong><\/strong><\/strong><\/p>\n\n\n\n<p>M\u00e1y in th\u1ebb nh\u1ef1a Hiti CS220e\u00a0l\u00e0 d\u00f2ng s\u1ea3n ph\u1ea9m m\u00e1y in th\u1ebb nh\u1ef1a m\u1edbi nh\u1ea5t c\u1ee7a h\u00e3ng\u00a0<a href=\"https:\/\/www.hiti.com\/product\/Product.aspx?MenuID=6&amp;lang=EN\">Hiti<\/a>\u00a0v\u1edbi thi\u1ebft k\u1ebf v\u00e0 t\u00ednh n\u0103ng n\u00e2ng c\u1ea5p t\u1eeb m\u00e1y in Hiti CS200e. Ch\u1ee9c n\u0103ng m\u1edbi nh\u00e0 cung c\u1ea5p \u0111\u01b0\u1ee3c c\u1ea3i ti\u1ebfn v\u1edbi ch\u1ee9c n\u0103ng in tr\u00ean h\u1ea7u h\u1ebft c\u00e1c d\u1ea1ng th\u1ebb nh\u1ef1a trong su\u1ed1t. ch\u1ebf \u0111\u1ed9 t\u0103ng c\u01b0\u1eddng m\u00e0u s\u1eafc v\u00e0 kh\u1ea3 n\u0103ng in ph\u1ee7 UV HoloMark\u2026.<\/p>\n\n\n\n<hr class=\"wp-block-separator is-style-wide\"\/>\n\n\n\n<p><strong>\u00a0Th\u00f4ng s\u1ed1 k\u1ef9 thu\u1eadt m\u00e1y in th\u1ebb nh\u1ef1a <strong>Hiti CS200e<\/strong><\/strong><\/p>\n\n\n\n<ul class=\"wp-block-list\"><li>C\u00f4ng ngh\u1ec7 In nhu\u1ed9m th\u0103ng hoa, in nhi\u1ec7t \u0111\u01a1n s\u1eafc<\/li><li>Kh\u1ea3 n\u0103ng in : In tr\u00e0n l\u1ec1, In m\u1ed9t ho\u1eb7c hai m\u1eb7t (t\u00f9y ch\u1ecdn), In to\u00e0n m\u00e0u (YMCKO) ho\u1eb7c \u0111\u01a1n s\u1eafc<\/li><li>\u0110\u1ed9 ph\u00e2n gi\u1ea3i 300 dpi<\/li><li>M\u00e0n h\u00ecnh hi\u1ec3n th\u1ecb LCM (M\u00e0n h\u00ecnh tinh th\u1ec3 l\u1ecfng)<\/li><li>B\u1ed9 nh\u1edb 64MB<\/li><li>T\u1ed1c \u0111\u1ed9 in Th\u1ebb m\u00e0u (YMCKO): l\u00ean \u0111\u1ebfn 180 th\u1ebb\/ gi\u1eddTh\u1ebb \u0111\u01a1n s\u1eafc \u0111en: l\u00ean \u0111\u1ebfn 1400 th\u1ebb\/ gi\u1edd<\/li><li>\u0110\u1ecbnh d\u1ea1ng th\u1ebb CR-80 ISO7810 (53.98 mm x 85.60 mm), \u0110\u1ed9 d\u00e0y th\u1ebb: T\u1eeb 0.25 mm \u2013 1 mm<\/li><li>Khay ch\u1ee9a th\u1ebb : \u0110\u1ea7u v\u00e0o 100 th\u1ebb (0.76mm \/ 30mil)<\/li><li>\u0110\u1ea7u ra 50 th\u1ebb (0.76mm \/ 30mil)<\/li><li>C\u1ed5ng k\u1ebft n\u1ed1i :\u00a0USB 1.1 \/ USB 2.0 t\u1ed1c \u0111\u1ed9 t\u1ed1i \u0111a ho\u1eb7c\u00a0Ethernet TCP-IP (tu\u1ef3 ch\u1ecdn th\u00eam)<\/li><li>K\u00edch th\u01b0\u1edbc: 197.8 x 354 x 204 mm<\/li><li>Tr\u1ecdng l\u01b0\u1ee3ng: kho\u1ea3ng 4.9 Kg<\/li><li>H\u00e3ng s\u1ea3n xu\u1ea5t : Hiti (Taiwan)<\/li><\/ul>\n\n\n\n<hr class=\"wp-block-separator is-style-wide\"\/>\n\n\n\n<p><strong>V\u1eadt li\u1ec7u in th\u1ebb m\u00e1y in th\u1ebb nh\u1ef1a <strong><strong><strong><strong><strong><strong>Hiti CS200e<\/strong><\/strong><\/strong><\/strong><\/strong><\/strong><\/strong><\/p>\n\n\n\n<p>+ Ruy b\u0103ng m\u00e0u c\u00f3 ph\u1ee7 b\u1ea3o v\u1ec7 YMCKO; Ruy b\u0103ng \u0111\u01a1n m\u00e0u: \u0110en, tr\u1eafng, xanh, \u0111\u1ecf, b\u1ea1c, v\u00e0ng<br>+ Th\u1ebb nh\u1ef1a : th\u1ebb tr\u1eafng, ph\u00f4i th\u1ebb in s\u1eb5n\u2026.<br>+ V\u1eadt t\u01b0 v\u1ec7 sinh m\u00e1y<\/p>\n\n\n\n<div style=\"height:50px\" aria-hidden=\"true\" class=\"wp-block-spacer\"><\/div>\n\n\n\n<hr class=\"wp-block-separator is-style-wide\"\/>\n\n\n\n<p><strong>VIDEO V\u1ec0 S\u1ea2N PH\u1ea8M<\/strong><\/p>\n\n\n\n<figure class=\"wp-block-embed is-type-video is-provider-youtube wp-block-embed-youtube wp-embed-aspect-16-9 wp-has-aspect-ratio\"><div class=\"wp-block-embed__wrapper\">\n<iframe title=\"ID Card Printer HITI CS-200e - Tutorial Unboxing\" width=\"750\" height=\"422\" src=\"https:\/\/www.youtube.com\/embed\/9vjXG9Kjxng?feature=oembed\" frameborder=\"0\" allow=\"accelerometer; autoplay; clipboard-write; encrypted-media; gyroscope; picture-in-picture\" allowfullscreen><\/iframe>\n<\/div><\/figure>\n","protected":false},"excerpt":{"rendered":"<p>H\u00e3ng S\u1ea3n Xu\u1ea5t: \u00a0Hiti CS200e Xu\u1ea5t X\u1ee9:\u00a0\u00a0\u00a0\u00a0\u00a0\u00a0\u00a0\u00a0\u00a0\u00a0 \u00a0\u00a0 \u0110\u00e0i Loan M\u00e3 S\u1ea3n Ph\u1ea9m:\u00a0\u00a0 \u00a0CS200e C\u00f4ng ngh\u1ec7 in:\u00a0\u00a0\u00a0 \u00a0In truy\u1ec1n nhi\u1ec7t tr\u1ef1c ti\u1ebfp T\u1ed1c \u0111\u1ed9 in:\u00a0\u00a0\u00a0\u00a0\u00a0\u00a0\u00a0\u00a0\u00a0 \u00a0\u00a0In m\u00e0u 150 th\u1ebb\/gi\u1edd; In \u0111\u01a1n m\u00e0u \u0111en: 643 th\u1ebb\/gi\u1edd Ch\u1ee9c n\u0103ng in: In tr\u1ef1c ti\u1ebfp 1 ho\u1eb7c 2 m\u1eb7t t\u1ef1 \u0111\u1ed9ng (t\u00f9y ch\u1ecdn n\u00e2ng [&hellip;]<\/p>\n","protected":false},"author":1,"featured_media":0,"parent":533,"menu_order":0,"comment_status":"closed","ping_status":"closed","template":"","meta":{"footnotes":""},"class_list":["post-1315","page","type-page","status-publish","hentry"],"yoast_head":"<!-- This site is optimized with the Yoast SEO plugin v27.4 - https:\/\/yoast.com\/product\/yoast-seo-wordpress\/ -->\n<title>M\u00e1y in th\u1ebb Hiti - CS200e -<\/title>\n<meta name=\"robots\" content=\"index, follow, max-snippet:-1, max-image-preview:large, max-video-preview:-1\" \/>\n<link rel=\"canonical\" href=\"https:\/\/shinad.vn\/index.php\/giai-phap-the-nhua\/may-in-the-nhua\/may-in-the-hiti-cs200e\/\" \/>\n<meta property=\"og:locale\" content=\"vi_VN\" \/>\n<meta property=\"og:type\" content=\"article\" \/>\n<meta property=\"og:title\" content=\"M\u00e1y in th\u1ebb Hiti - CS200e -\" \/>\n<meta property=\"og:description\" content=\"H\u00e3ng S\u1ea3n Xu\u1ea5t: \u00a0Hiti CS200e Xu\u1ea5t X\u1ee9:\u00a0\u00a0\u00a0\u00a0\u00a0\u00a0\u00a0\u00a0\u00a0\u00a0 \u00a0\u00a0 \u0110\u00e0i Loan M\u00e3 S\u1ea3n Ph\u1ea9m:\u00a0\u00a0 \u00a0CS200e C\u00f4ng ngh\u1ec7 in:\u00a0\u00a0\u00a0 \u00a0In truy\u1ec1n nhi\u1ec7t tr\u1ef1c ti\u1ebfp T\u1ed1c \u0111\u1ed9 in:\u00a0\u00a0\u00a0\u00a0\u00a0\u00a0\u00a0\u00a0\u00a0 \u00a0\u00a0In m\u00e0u 150 th\u1ebb\/gi\u1edd; In \u0111\u01a1n m\u00e0u \u0111en: 643 th\u1ebb\/gi\u1edd Ch\u1ee9c n\u0103ng in: In tr\u1ef1c ti\u1ebfp 1 ho\u1eb7c 2 m\u1eb7t t\u1ef1 \u0111\u1ed9ng (t\u00f9y ch\u1ecdn n\u00e2ng [&hellip;]\" \/>\n<meta property=\"og:url\" content=\"https:\/\/shinad.vn\/index.php\/giai-phap-the-nhua\/may-in-the-nhua\/may-in-the-hiti-cs200e\/\" \/>\n<meta property=\"article:publisher\" content=\"https:\/\/www.facebook.com\/shinad.vn\" \/>\n<meta property=\"article:modified_time\" content=\"2021-05-12T14:59:33+00:00\" \/>\n<meta property=\"og:image\" content=\"http:\/\/shinad.vn\/wp-content\/uploads\/2021\/05\/Hiti-CS200e-1.jpg\" \/>\n<meta name=\"twitter:card\" content=\"summary_large_image\" \/>\n<meta name=\"twitter:label1\" content=\"\u01af\u1edbc t\u00ednh th\u1eddi gian \u0111\u1ecdc\" \/>\n\t<meta name=\"twitter:data1\" content=\"3 ph\u00fat\" \/>\n<script type=\"application\/ld+json\" class=\"yoast-schema-graph\">{\"@context\":\"https:\\\/\\\/schema.org\",\"@graph\":[{\"@type\":\"WebPage\",\"@id\":\"https:\\\/\\\/shinad.vn\\\/index.php\\\/giai-phap-the-nhua\\\/may-in-the-nhua\\\/may-in-the-hiti-cs200e\\\/\",\"url\":\"https:\\\/\\\/shinad.vn\\\/index.php\\\/giai-phap-the-nhua\\\/may-in-the-nhua\\\/may-in-the-hiti-cs200e\\\/\",\"name\":\"M\u00e1y in th\u1ebb Hiti - CS200e -\",\"isPartOf\":{\"@id\":\"https:\\\/\\\/shinad.vn\\\/#website\"},\"primaryImageOfPage\":{\"@id\":\"https:\\\/\\\/shinad.vn\\\/index.php\\\/giai-phap-the-nhua\\\/may-in-the-nhua\\\/may-in-the-hiti-cs200e\\\/#primaryimage\"},\"image\":{\"@id\":\"https:\\\/\\\/shinad.vn\\\/index.php\\\/giai-phap-the-nhua\\\/may-in-the-nhua\\\/may-in-the-hiti-cs200e\\\/#primaryimage\"},\"thumbnailUrl\":\"http:\\\/\\\/shinad.vn\\\/wp-content\\\/uploads\\\/2021\\\/05\\\/Hiti-CS200e-1.jpg\",\"datePublished\":\"2021-05-12T14:53:25+00:00\",\"dateModified\":\"2021-05-12T14:59:33+00:00\",\"breadcrumb\":{\"@id\":\"https:\\\/\\\/shinad.vn\\\/index.php\\\/giai-phap-the-nhua\\\/may-in-the-nhua\\\/may-in-the-hiti-cs200e\\\/#breadcrumb\"},\"inLanguage\":\"vi\",\"potentialAction\":[{\"@type\":\"ReadAction\",\"target\":[\"https:\\\/\\\/shinad.vn\\\/index.php\\\/giai-phap-the-nhua\\\/may-in-the-nhua\\\/may-in-the-hiti-cs200e\\\/\"]}]},{\"@type\":\"ImageObject\",\"inLanguage\":\"vi\",\"@id\":\"https:\\\/\\\/shinad.vn\\\/index.php\\\/giai-phap-the-nhua\\\/may-in-the-nhua\\\/may-in-the-hiti-cs200e\\\/#primaryimage\",\"url\":\"http:\\\/\\\/shinad.vn\\\/wp-content\\\/uploads\\\/2021\\\/05\\\/Hiti-CS200e-1.jpg\",\"contentUrl\":\"http:\\\/\\\/shinad.vn\\\/wp-content\\\/uploads\\\/2021\\\/05\\\/Hiti-CS200e-1.jpg\"},{\"@type\":\"BreadcrumbList\",\"@id\":\"https:\\\/\\\/shinad.vn\\\/index.php\\\/giai-phap-the-nhua\\\/may-in-the-nhua\\\/may-in-the-hiti-cs200e\\\/#breadcrumb\",\"itemListElement\":[{\"@type\":\"ListItem\",\"position\":1,\"name\":\"Trang ch\u1ee7\",\"item\":\"https:\\\/\\\/shinad.vn\\\/\"},{\"@type\":\"ListItem\",\"position\":2,\"name\":\"GI\u1ea2I PH\u00c1P TH\u1eba NH\u1ef0A\",\"item\":\"https:\\\/\\\/shinad.vn\\\/index.php\\\/giai-phap-the-nhua\\\/\"},{\"@type\":\"ListItem\",\"position\":3,\"name\":\"M\u00e1y In Th\u1ebb Nh\u1ef1a\",\"item\":\"https:\\\/\\\/shinad.vn\\\/index.php\\\/giai-phap-the-nhua\\\/may-in-the-nhua\\\/\"},{\"@type\":\"ListItem\",\"position\":4,\"name\":\"M\u00e1y in th\u1ebb Hiti &#8211; CS200e\"}]},{\"@type\":\"WebSite\",\"@id\":\"https:\\\/\\\/shinad.vn\\\/#website\",\"url\":\"https:\\\/\\\/shinad.vn\\\/\",\"name\":\"www.shinad.vn\",\"description\":\"\",\"publisher\":{\"@id\":\"https:\\\/\\\/shinad.vn\\\/#organization\"},\"potentialAction\":[{\"@type\":\"SearchAction\",\"target\":{\"@type\":\"EntryPoint\",\"urlTemplate\":\"https:\\\/\\\/shinad.vn\\\/?s={search_term_string}\"},\"query-input\":{\"@type\":\"PropertyValueSpecification\",\"valueRequired\":true,\"valueName\":\"search_term_string\"}}],\"inLanguage\":\"vi\"},{\"@type\":\"Organization\",\"@id\":\"https:\\\/\\\/shinad.vn\\\/#organization\",\"name\":\"C\u00f4ng ty c\u1ed5 ph\u1ea7n \u0111\u1ea7u t\u01b0 th\u01b0\u01a1ng m\u1ea1i qu\u1ea3ng c\u00e1o Shinad\",\"url\":\"https:\\\/\\\/shinad.vn\\\/\",\"logo\":{\"@type\":\"ImageObject\",\"inLanguage\":\"vi\",\"@id\":\"https:\\\/\\\/shinad.vn\\\/#\\\/schema\\\/logo\\\/image\\\/\",\"url\":\"https:\\\/\\\/i0.wp.com\\\/shinad.vn\\\/wp-content\\\/uploads\\\/2020\\\/04\\\/cropped-Logo-SHINAD-ngang-3.png?fit=378%2C101&ssl=1\",\"contentUrl\":\"https:\\\/\\\/i0.wp.com\\\/shinad.vn\\\/wp-content\\\/uploads\\\/2020\\\/04\\\/cropped-Logo-SHINAD-ngang-3.png?fit=378%2C101&ssl=1\",\"width\":378,\"height\":101,\"caption\":\"C\u00f4ng ty c\u1ed5 ph\u1ea7n \u0111\u1ea7u t\u01b0 th\u01b0\u01a1ng m\u1ea1i qu\u1ea3ng c\u00e1o Shinad\"},\"image\":{\"@id\":\"https:\\\/\\\/shinad.vn\\\/#\\\/schema\\\/logo\\\/image\\\/\"},\"sameAs\":[\"https:\\\/\\\/www.facebook.com\\\/shinad.vn\"]}]}<\/script>\n<!-- \/ Yoast SEO plugin. -->","yoast_head_json":{"title":"M\u00e1y in th\u1ebb Hiti - CS200e -","robots":{"index":"index","follow":"follow","max-snippet":"max-snippet:-1","max-image-preview":"max-image-preview:large","max-video-preview":"max-video-preview:-1"},"canonical":"https:\/\/shinad.vn\/index.php\/giai-phap-the-nhua\/may-in-the-nhua\/may-in-the-hiti-cs200e\/","og_locale":"vi_VN","og_type":"article","og_title":"M\u00e1y in th\u1ebb Hiti - CS200e -","og_description":"H\u00e3ng S\u1ea3n Xu\u1ea5t: \u00a0Hiti CS200e Xu\u1ea5t X\u1ee9:\u00a0\u00a0\u00a0\u00a0\u00a0\u00a0\u00a0\u00a0\u00a0\u00a0 \u00a0\u00a0 \u0110\u00e0i Loan M\u00e3 S\u1ea3n Ph\u1ea9m:\u00a0\u00a0 \u00a0CS200e C\u00f4ng ngh\u1ec7 in:\u00a0\u00a0\u00a0 \u00a0In truy\u1ec1n nhi\u1ec7t tr\u1ef1c ti\u1ebfp T\u1ed1c \u0111\u1ed9 in:\u00a0\u00a0\u00a0\u00a0\u00a0\u00a0\u00a0\u00a0\u00a0 \u00a0\u00a0In m\u00e0u 150 th\u1ebb\/gi\u1edd; In \u0111\u01a1n m\u00e0u \u0111en: 643 th\u1ebb\/gi\u1edd Ch\u1ee9c n\u0103ng in: In tr\u1ef1c ti\u1ebfp 1 ho\u1eb7c 2 m\u1eb7t t\u1ef1 \u0111\u1ed9ng (t\u00f9y ch\u1ecdn n\u00e2ng [&hellip;]","og_url":"https:\/\/shinad.vn\/index.php\/giai-phap-the-nhua\/may-in-the-nhua\/may-in-the-hiti-cs200e\/","article_publisher":"https:\/\/www.facebook.com\/shinad.vn","article_modified_time":"2021-05-12T14:59:33+00:00","og_image":[{"url":"http:\/\/shinad.vn\/wp-content\/uploads\/2021\/05\/Hiti-CS200e-1.jpg","type":"","width":"","height":""}],"twitter_card":"summary_large_image","twitter_misc":{"\u01af\u1edbc t\u00ednh th\u1eddi gian \u0111\u1ecdc":"3 ph\u00fat"},"schema":{"@context":"https:\/\/schema.org","@graph":[{"@type":"WebPage","@id":"https:\/\/shinad.vn\/index.php\/giai-phap-the-nhua\/may-in-the-nhua\/may-in-the-hiti-cs200e\/","url":"https:\/\/shinad.vn\/index.php\/giai-phap-the-nhua\/may-in-the-nhua\/may-in-the-hiti-cs200e\/","name":"M\u00e1y in th\u1ebb Hiti - CS200e -","isPartOf":{"@id":"https:\/\/shinad.vn\/#website"},"primaryImageOfPage":{"@id":"https:\/\/shinad.vn\/index.php\/giai-phap-the-nhua\/may-in-the-nhua\/may-in-the-hiti-cs200e\/#primaryimage"},"image":{"@id":"https:\/\/shinad.vn\/index.php\/giai-phap-the-nhua\/may-in-the-nhua\/may-in-the-hiti-cs200e\/#primaryimage"},"thumbnailUrl":"http:\/\/shinad.vn\/wp-content\/uploads\/2021\/05\/Hiti-CS200e-1.jpg","datePublished":"2021-05-12T14:53:25+00:00","dateModified":"2021-05-12T14:59:33+00:00","breadcrumb":{"@id":"https:\/\/shinad.vn\/index.php\/giai-phap-the-nhua\/may-in-the-nhua\/may-in-the-hiti-cs200e\/#breadcrumb"},"inLanguage":"vi","potentialAction":[{"@type":"ReadAction","target":["https:\/\/shinad.vn\/index.php\/giai-phap-the-nhua\/may-in-the-nhua\/may-in-the-hiti-cs200e\/"]}]},{"@type":"ImageObject","inLanguage":"vi","@id":"https:\/\/shinad.vn\/index.php\/giai-phap-the-nhua\/may-in-the-nhua\/may-in-the-hiti-cs200e\/#primaryimage","url":"http:\/\/shinad.vn\/wp-content\/uploads\/2021\/05\/Hiti-CS200e-1.jpg","contentUrl":"http:\/\/shinad.vn\/wp-content\/uploads\/2021\/05\/Hiti-CS200e-1.jpg"},{"@type":"BreadcrumbList","@id":"https:\/\/shinad.vn\/index.php\/giai-phap-the-nhua\/may-in-the-nhua\/may-in-the-hiti-cs200e\/#breadcrumb","itemListElement":[{"@type":"ListItem","position":1,"name":"Trang ch\u1ee7","item":"https:\/\/shinad.vn\/"},{"@type":"ListItem","position":2,"name":"GI\u1ea2I PH\u00c1P TH\u1eba NH\u1ef0A","item":"https:\/\/shinad.vn\/index.php\/giai-phap-the-nhua\/"},{"@type":"ListItem","position":3,"name":"M\u00e1y In Th\u1ebb Nh\u1ef1a","item":"https:\/\/shinad.vn\/index.php\/giai-phap-the-nhua\/may-in-the-nhua\/"},{"@type":"ListItem","position":4,"name":"M\u00e1y in th\u1ebb Hiti &#8211; CS200e"}]},{"@type":"WebSite","@id":"https:\/\/shinad.vn\/#website","url":"https:\/\/shinad.vn\/","name":"www.shinad.vn","description":"","publisher":{"@id":"https:\/\/shinad.vn\/#organization"},"potentialAction":[{"@type":"SearchAction","target":{"@type":"EntryPoint","urlTemplate":"https:\/\/shinad.vn\/?s={search_term_string}"},"query-input":{"@type":"PropertyValueSpecification","valueRequired":true,"valueName":"search_term_string"}}],"inLanguage":"vi"},{"@type":"Organization","@id":"https:\/\/shinad.vn\/#organization","name":"C\u00f4ng ty c\u1ed5 ph\u1ea7n \u0111\u1ea7u t\u01b0 th\u01b0\u01a1ng m\u1ea1i qu\u1ea3ng c\u00e1o Shinad","url":"https:\/\/shinad.vn\/","logo":{"@type":"ImageObject","inLanguage":"vi","@id":"https:\/\/shinad.vn\/#\/schema\/logo\/image\/","url":"https:\/\/i0.wp.com\/shinad.vn\/wp-content\/uploads\/2020\/04\/cropped-Logo-SHINAD-ngang-3.png?fit=378%2C101&ssl=1","contentUrl":"https:\/\/i0.wp.com\/shinad.vn\/wp-content\/uploads\/2020\/04\/cropped-Logo-SHINAD-ngang-3.png?fit=378%2C101&ssl=1","width":378,"height":101,"caption":"C\u00f4ng ty c\u1ed5 ph\u1ea7n \u0111\u1ea7u t\u01b0 th\u01b0\u01a1ng m\u1ea1i qu\u1ea3ng c\u00e1o Shinad"},"image":{"@id":"https:\/\/shinad.vn\/#\/schema\/logo\/image\/"},"sameAs":["https:\/\/www.facebook.com\/shinad.vn"]}]}},"jetpack_sharing_enabled":true,"_links":{"self":[{"href":"https:\/\/shinad.vn\/index.php\/wp-json\/wp\/v2\/pages\/1315","targetHints":{"allow":["GET"]}}],"collection":[{"href":"https:\/\/shinad.vn\/index.php\/wp-json\/wp\/v2\/pages"}],"about":[{"href":"https:\/\/shinad.vn\/index.php\/wp-json\/wp\/v2\/types\/page"}],"author":[{"embeddable":true,"href":"https:\/\/shinad.vn\/index.php\/wp-json\/wp\/v2\/users\/1"}],"replies":[{"embeddable":true,"href":"https:\/\/shinad.vn\/index.php\/wp-json\/wp\/v2\/comments?post=1315"}],"version-history":[{"count":2,"href":"https:\/\/shinad.vn\/index.php\/wp-json\/wp\/v2\/pages\/1315\/revisions"}],"predecessor-version":[{"id":1318,"href":"https:\/\/shinad.vn\/index.php\/wp-json\/wp\/v2\/pages\/1315\/revisions\/1318"}],"up":[{"embeddable":true,"href":"https:\/\/shinad.vn\/index.php\/wp-json\/wp\/v2\/pages\/533"}],"wp:attachment":[{"href":"https:\/\/shinad.vn\/index.php\/wp-json\/wp\/v2\/media?parent=1315"}],"curies":[{"name":"wp","href":"https:\/\/api.w.org\/{rel}","templated":true}]}}